CRAN Package Check Results for Package DNAtools

Last updated on 2025-10-22 05:51:06 CEST.

Flavor Version Tinstall Tcheck Ttotal Status Flags
r-devel-linux-x86_64-debian-clang 0.2-4 42.91 82.99 125.90 NOTE
r-devel-linux-x86_64-debian-gcc 0.2-4 29.28 61.29 90.57 NOTE
r-devel-linux-x86_64-fedora-clang 0.2-4 86.00 123.79 209.79 NOTE
r-devel-linux-x86_64-fedora-gcc 0.2-4 96.00 117.50 213.50 NOTE
r-devel-windows-x86_64 0.2-4 51.00 106.00 157.00 NOTE
r-patched-linux-x86_64 0.2-4 40.84 77.90 118.74 NOTE
r-release-linux-x86_64 0.2-4 42.85 77.54 120.39 NOTE
r-release-macos-arm64 0.2-4 18.00 46.00 64.00 NOTE
r-release-macos-x86_64 0.2-4 21.00 91.00 112.00 NOTE
r-release-windows-x86_64 0.2-4 49.00 114.00 163.00 NOTE
r-oldrel-macos-arm64 0.2-4 9.00 29.00 38.00 NOTE
r-oldrel-macos-x86_64 0.2-4 10.00 48.00 58.00 NOTE
r-oldrel-windows-x86_64 0.2-4 60.00 136.00 196.00 NOTE

Check Details

Version: 0.2-4
Check: CRAN incoming feasibility
Result: NOTE Maintainer: ‘Mikkel Meyer Andersen <mikl@math.aau.dk>’ Package CITATION file contains call(s) to old-style personList() or as.personList(). Please use c() on person objects instead. Package CITATION file contains call(s) to old-style citEntry(). Please use bibentry() instead. Flavors: r-devel-linux-x86_64-debian-clang, r-devel-linux-x86_64-debian-gcc

Version: 0.2-4
Check: C++ specification
Result: NOTE Specified C++11: please drop specification unless essential Flavors: r-devel-linux-x86_64-debian-clang, r-devel-linux-x86_64-debian-gcc, r-devel-linux-x86_64-fedora-clang, r-devel-linux-x86_64-fedora-gcc, r-devel-windows-x86_64, r-patched-linux-x86_64, r-release-linux-x86_64, r-release-macos-arm64, r-release-macos-x86_64, r-release-windows-x86_64, r-oldrel-macos-arm64, r-oldrel-macos-x86_64, r-oldrel-windows-x86_64

Version: 0.2-4
Check: HTML version of manual
Result: NOTE Found the following HTML validation problems: genRypeRec.html:64:1 (genRypeRec.Rd:18): Warning: missing </ul> before </div> genTypeRec.html:58:1 (genTypeRec.Rd:16): Warning: missing </ul> before </div> Flavors: r-devel-linux-x86_64-debian-clang, r-devel-linux-x86_64-debian-gcc

Version: 0.2-4
Check: for GNU extensions in Makefiles
Result: NOTE GNU make is a SystemRequirements. Flavors: r-oldrel-macos-arm64, r-oldrel-macos-x86_64, r-oldrel-windows-x86_64