Last updated on 2025-07-19 08:48:34 CEST.
Flavor | Version | Tinstall | Tcheck | Ttotal | Status | Flags |
---|---|---|---|---|---|---|
r-devel-linux-x86_64-debian-clang | 0.2.2 | 30.43 | 49.95 | 80.38 | OK | |
r-devel-linux-x86_64-debian-gcc | 0.2.2 | 18.50 | 35.42 | 53.92 | OK | |
r-devel-linux-x86_64-fedora-clang | 0.2.2 | 129.89 | NOTE | |||
r-devel-linux-x86_64-fedora-gcc | 0.2.2 | 121.85 | NOTE | |||
r-devel-windows-x86_64 | 0.2.2 | 30.00 | 74.00 | 104.00 | OK | |
r-patched-linux-x86_64 | 0.2.2 | 29.30 | 46.21 | 75.51 | OK | |
r-release-linux-x86_64 | 0.2.2 | 24.74 | 45.97 | 70.71 | OK | |
r-release-macos-arm64 | 0.2.2 | 39.00 | OK | |||
r-release-macos-x86_64 | 0.2.2 | 66.00 | OK | |||
r-release-windows-x86_64 | 0.2.2 | 28.00 | 73.00 | 101.00 | OK | |
r-oldrel-macos-arm64 | 0.2.2 | 35.00 | OK | |||
r-oldrel-macos-x86_64 | 0.2.2 | 63.00 | OK | |||
r-oldrel-windows-x86_64 | 0.2.2 | 40.00 | 90.00 | 130.00 | OK |
Version: 0.2.2
Check: dependencies in R code
Result: NOTE
Namespaces in Imports field not imported from:
‘R6’ ‘dplyr’ ‘ggplot2’ ‘nloptr’
All declared Imports should be used.
Flavors: r-devel-linux-x86_64-fedora-clang, r-devel-linux-x86_64-fedora-gcc