Last updated on 2025-10-24 04:50:51 CEST.
| Flavor | Version | Tinstall | Tcheck | Ttotal | Status | Flags |
|---|---|---|---|---|---|---|
| r-devel-linux-x86_64-debian-clang | 1.0.1 | 2.16 | 26.58 | 28.74 | OK | |
| r-devel-linux-x86_64-debian-gcc | 1.0.1 | 1.57 | 21.55 | 23.12 | OK | |
| r-devel-linux-x86_64-fedora-clang | 1.0.1 | 41.46 | NOTE | |||
| r-devel-linux-x86_64-fedora-gcc | 1.0.1 | 40.33 | NOTE | |||
| r-devel-windows-x86_64 | 1.0.1 | 4.00 | 45.00 | 49.00 | OK | |
| r-patched-linux-x86_64 | 1.0.1 | 2.20 | 25.37 | 27.57 | OK | |
| r-release-linux-x86_64 | 1.0.1 | 1.93 | 25.44 | 27.37 | OK | |
| r-release-macos-arm64 | 1.0.1 | 1.00 | 20.00 | 21.00 | OK | |
| r-release-macos-x86_64 | 1.0.1 | 2.00 | 28.00 | 30.00 | OK | |
| r-release-windows-x86_64 | 1.0.1 | 4.00 | 47.00 | 51.00 | OK | |
| r-oldrel-macos-arm64 | 1.0.1 | 1.00 | 17.00 | 18.00 | NOTE | |
| r-oldrel-macos-x86_64 | 1.0.1 | 2.00 | 22.00 | 24.00 | NOTE | |
| r-oldrel-windows-x86_64 | 1.0.1 | 4.00 | 54.00 | 58.00 | NOTE |
Version: 1.0.1
Check: dependencies in R code
Result: NOTE
Namespace in Imports field not imported from: ‘MASS’
All declared Imports should be used.
Flavors: r-devel-linux-x86_64-fedora-clang, r-devel-linux-x86_64-fedora-gcc
Version: 1.0.1
Check: LazyData
Result: NOTE
'LazyData' is specified without a 'data' directory
Flavors: r-oldrel-macos-arm64, r-oldrel-macos-x86_64, r-oldrel-windows-x86_64