Last updated on 2025-10-24 04:50:50 CEST.
| Flavor | Version | Tinstall | Tcheck | Ttotal | Status | Flags |
|---|---|---|---|---|---|---|
| r-devel-linux-x86_64-debian-clang | 0.2 | 19.42 | 154.05 | 173.47 | NOTE | |
| r-devel-linux-x86_64-debian-gcc | 0.2 | 12.52 | 113.02 | 125.54 | NOTE | |
| r-devel-linux-x86_64-fedora-clang | 0.2 | 40.00 | 232.93 | 272.93 | OK | |
| r-devel-linux-x86_64-fedora-gcc | 0.2 | 36.00 | 221.89 | 257.89 | OK | |
| r-devel-windows-x86_64 | 0.2 | 19.00 | 142.00 | 161.00 | OK | |
| r-patched-linux-x86_64 | 0.2 | 18.41 | 148.15 | 166.56 | OK | |
| r-release-linux-x86_64 | 0.2 | 18.76 | 147.53 | 166.29 | OK | |
| r-release-macos-arm64 | 0.2 | 8.00 | 58.00 | 66.00 | OK | |
| r-release-macos-x86_64 | 0.2 | 18.00 | 115.00 | 133.00 | OK | |
| r-release-windows-x86_64 | 0.2 | 20.00 | 138.00 | 158.00 | OK | |
| r-oldrel-macos-arm64 | 0.2 | 7.00 | 57.00 | 64.00 | OK | |
| r-oldrel-macos-x86_64 | 0.2 | 12.00 | 118.00 | 130.00 | OK | |
| r-oldrel-windows-x86_64 | 0.2 | 27.00 | 182.00 | 209.00 | OK |
Version: 0.2
Check: CRAN incoming feasibility
Result: NOTE
Maintainer: ‘Yikun Zhang <yikunzhang@foxmail.com>’
The Description field contains
Giessing, and Chen (2023) <arXiv:2309.06429>.
Please refer to arXiv e-prints via their arXiv DOI <doi:10.48550/arXiv.YYMM.NNNNN>.
Flavors: r-devel-linux-x86_64-debian-clang, r-devel-linux-x86_64-debian-gcc