Last updated on 2025-10-22 05:51:05 CEST.
Flavor | Version | Tinstall | Tcheck | Ttotal | Status | Flags |
---|---|---|---|---|---|---|
r-devel-linux-x86_64-debian-clang | 1.1.0 | 6.43 | 216.97 | 223.40 | NOTE | |
r-devel-linux-x86_64-debian-gcc | 1.1.0 | 5.36 | 140.14 | 145.50 | NOTE | |
r-devel-linux-x86_64-fedora-clang | 1.1.0 | 32.00 | 331.41 | 363.41 | OK | |
r-devel-linux-x86_64-fedora-gcc | 1.1.0 | 13.00 | 326.46 | 339.46 | OK | |
r-devel-windows-x86_64 | 1.1.0 | 14.00 | 207.00 | 221.00 | OK | |
r-patched-linux-x86_64 | 1.0.10 | 6.51 | 198.19 | 204.70 | NOTE | |
r-release-linux-x86_64 | 1.1.0 | 6.22 | 204.27 | 210.49 | OK | |
r-release-macos-arm64 | 1.1.0 | 5.00 | 88.00 | 93.00 | OK | |
r-release-macos-x86_64 | 1.1.0 | 10.00 | 198.00 | 208.00 | OK | |
r-release-windows-x86_64 | 1.1.0 | 14.00 | 219.00 | 233.00 | OK | |
r-oldrel-macos-arm64 | 1.1.0 | 5.00 | 94.00 | 99.00 | OK | |
r-oldrel-macos-x86_64 | 1.1.0 | 9.00 | 198.00 | 207.00 | OK | |
r-oldrel-windows-x86_64 | 1.1.0 | 20.00 | 266.00 | 286.00 | OK |
Version: 1.1.0
Check: HTML version of manual
Result: NOTE
Found the following HTML validation problems:
cite_design.html:50:1 (cite_design.Rd:12): Warning: missing </ul> before </div>
declare_internal_inherit_params.html:58:1 (declare_internal_inherit_params.Rd:18): Warning: missing </ul> before </div>
Flavors: r-devel-linux-x86_64-debian-clang, r-devel-linux-x86_64-debian-gcc
Version: 1.0.10
Check: Rd cross-references
Result: NOTE
Found the following Rd file(s) with Rd \link{} targets missing package
anchors:
declare_estimator.Rd: lm_robust, estimatr, glance
Please provide package anchors for all Rd \link{} targets not in the
package itself and the base packages.
Flavor: r-patched-linux-x86_64