Last updated on 2025-10-24 04:50:50 CEST.
| Flavor | Version | Tinstall | Tcheck | Ttotal | Status | Flags |
|---|---|---|---|---|---|---|
| r-devel-linux-x86_64-debian-clang | 0.4.2 | 6.48 | 60.11 | 66.59 | NOTE | |
| r-devel-linux-x86_64-debian-gcc | 0.4.2 | 4.59 | 43.66 | 48.25 | NOTE | |
| r-devel-linux-x86_64-fedora-clang | 0.4.2 | 12.00 | 88.89 | 100.89 | OK | |
| r-devel-linux-x86_64-fedora-gcc | 0.4.2 | 12.00 | 82.64 | 94.64 | OK | |
| r-devel-windows-x86_64 | 0.4.2 | 8.00 | 74.00 | 82.00 | OK | |
| r-patched-linux-x86_64 | 0.4.2 | 5.97 | 56.39 | 62.36 | OK | |
| r-release-linux-x86_64 | 0.4.2 | 6.35 | 56.99 | 63.34 | OK | |
| r-release-macos-arm64 | 0.4.2 | 3.00 | 26.00 | 29.00 | OK | |
| r-release-macos-x86_64 | 0.4.2 | 5.00 | 49.00 | 54.00 | OK | |
| r-release-windows-x86_64 | 0.4.2 | 8.00 | 80.00 | 88.00 | OK | |
| r-oldrel-macos-arm64 | 0.4.2 | 3.00 | 27.00 | 30.00 | OK | |
| r-oldrel-macos-x86_64 | 0.4.2 | 4.00 | 41.00 | 45.00 | OK | |
| r-oldrel-windows-x86_64 | 0.4.2 | 12.00 | 89.00 | 101.00 | OK |
Version: 0.4.2
Check: CRAN incoming feasibility
Result: NOTE
Maintainer: ‘Leihong Wu <leihong.wu@fda.hhs.gov>’
No Authors@R field in DESCRIPTION.
Please add one, modifying
Authors@R: c(person(given = "Leihong",
family = "Wu",
role = c("aut", "cre"),
email = "leihong.wu@fda.hhs.gov"),
person(given = "Weida",
family = "Tong",
role = "aut",
comment = "Weida.tong@fda.hhs.gov"))
as necessary.
Flavors: r-devel-linux-x86_64-debian-clang, r-devel-linux-x86_64-debian-gcc
Version: 0.4.2
Check: HTML version of manual
Result: NOTE
Found the following HTML validation problems:
DF_CVsummary.html:50:1 (DF_CVsummary.Rd:12): Warning: missing </ul> before </div>
DF_Trainsummary.html:50:1 (DF_Trainsummary.Rd:12): Warning: missing </ul> before </div>
DF_calp.html:50:1 (DF_calp.Rd:12): Warning: missing </ul> before </div>
multiplot.html:62:1 (multiplot.Rd:16): Warning: missing </ul> before </div>
Flavor: r-devel-linux-x86_64-debian-clang