CRAN Package Check Results for Package DiceKriging

Last updated on 2025-10-22 05:51:05 CEST.

Flavor Version Tinstall Tcheck Ttotal Status Flags
r-devel-linux-x86_64-debian-clang 1.6.0 8.65 66.61 75.26 NOTE
r-devel-linux-x86_64-debian-gcc 1.6.1 5.66 46.64 52.30 OK
r-devel-linux-x86_64-fedora-clang 1.6.1 19.00 89.09 108.09 OK
r-devel-linux-x86_64-fedora-gcc 1.6.1 26.00 84.92 110.92 OK
r-devel-windows-x86_64 1.6.0 14.00 98.00 112.00 OK
r-patched-linux-x86_64 1.6.0 8.22 63.05 71.27 OK
r-release-linux-x86_64 1.6.0 8.35 61.75 70.10 OK
r-release-macos-arm64 1.6.1 6.00 61.00 67.00 OK
r-release-macos-x86_64 1.6.1 16.00 97.00 113.00 OK
r-release-windows-x86_64 1.6.1 26.00 165.00 191.00 OK
r-oldrel-macos-arm64 1.6.1 7.00 53.00 60.00 OK
r-oldrel-macos-x86_64 1.6.1 15.00 93.00 108.00 OK
r-oldrel-windows-x86_64 1.6.1 20.00 109.00 129.00 OK

Check Details

Version: 1.6.0
Check: CRAN incoming feasibility
Result: NOTE Maintainer: ‘Olivier Roustant <roustant@insa-toulouse.fr>’ No Authors@R field in DESCRIPTION. Please add one, modifying Authors@R: c(person(given = "Olivier", family = "Roustant", role = c("aut", "cre"), email = "roustant@insa-toulouse.fr"), person(given = "David", family = "Ginsbourger", role = "aut"), person(given = c("Yves", "Deville.", "Contributors:", "Clement"), family = "Chevalier", role = "aut"), person(given = "Yann", family = "Richet.", role = "aut")) as necessary. Package CITATION file contains call(s) to old-style personList() or as.personList(). Please use c() on person objects instead. Package CITATION file contains call(s) to old-style citEntry(). Please use bibentry() instead. Flavor: r-devel-linux-x86_64-debian-clang

Version: 1.6.0
Check: HTML version of manual
Result: NOTE Found the following HTML validation problems: nuggetvalue.html:50:1 (nuggetvalue.Rd:16): Warning: missing </ul> before </div> Flavor: r-devel-linux-x86_64-debian-clang