Last updated on 2025-10-22 05:51:07 CEST.
Flavor | Version | Tinstall | Tcheck | Ttotal | Status | Flags |
---|---|---|---|---|---|---|
r-devel-linux-x86_64-debian-clang | 0.6.0 | 15.02 | 177.34 | 192.36 | NOTE | |
r-devel-linux-x86_64-debian-gcc | 0.6.0 | 9.31 | 121.79 | 131.10 | NOTE | |
r-devel-linux-x86_64-fedora-clang | 0.6.0 | 53.00 | 258.54 | 311.54 | OK | |
r-devel-linux-x86_64-fedora-gcc | 0.6.0 | 28.00 | 258.74 | 286.74 | OK | |
r-devel-windows-x86_64 | 0.6.0 | 13.00 | 161.00 | 174.00 | OK | |
r-patched-linux-x86_64 | 0.6.0 | 12.85 | 168.09 | 180.94 | OK | |
r-release-linux-x86_64 | 0.6.0 | 12.09 | 165.88 | 177.97 | OK | |
r-release-macos-arm64 | 0.6.0 | 5.00 | 85.00 | 90.00 | OK | |
r-release-macos-x86_64 | 0.6.0 | 11.00 | 100.00 | 111.00 | OK | |
r-release-windows-x86_64 | 0.6.0 | 16.00 | 167.00 | 183.00 | OK | |
r-oldrel-macos-arm64 | 0.6.0 | 6.00 | 146.00 | 152.00 | OK | |
r-oldrel-macos-x86_64 | 0.6.0 | 10.00 | 102.00 | 112.00 | OK | |
r-oldrel-windows-x86_64 | 0.6.0 | 18.00 | 213.00 | 231.00 | OK |
Version: 0.6.0
Check: HTML version of manual
Result: NOTE
Found the following HTML validation problems:
edc_viewer.html:54:1 (edc_viewer.Rd:14): Warning: missing </ul> before </div>
Flavors: r-devel-linux-x86_64-debian-clang, r-devel-linux-x86_64-debian-gcc