Last updated on 2025-10-24 04:50:51 CEST.
| Flavor | Version | Tinstall | Tcheck | Ttotal | Status | Flags |
|---|---|---|---|---|---|---|
| r-devel-linux-x86_64-debian-clang | 1.1.1 | 2.72 | 25.49 | 28.21 | NOTE | |
| r-devel-linux-x86_64-debian-gcc | 1.1.1 | 2.11 | 20.16 | 22.27 | NOTE | |
| r-devel-linux-x86_64-fedora-clang | 1.1.1 | 41.59 | OK | |||
| r-devel-linux-x86_64-fedora-gcc | 1.1.1 | 39.38 | OK | |||
| r-devel-windows-x86_64 | 1.1.1 | 5.00 | 45.00 | 50.00 | OK | |
| r-patched-linux-x86_64 | 1.1.1 | 2.95 | 24.23 | 27.18 | OK | |
| r-release-linux-x86_64 | 1.1.1 | 2.67 | 24.05 | 26.72 | OK | |
| r-release-macos-arm64 | 1.1.1 | 2.00 | 16.00 | 18.00 | OK | |
| r-release-macos-x86_64 | 1.1.1 | 3.00 | 28.00 | 31.00 | OK | |
| r-release-windows-x86_64 | 1.1.1 | 6.00 | 49.00 | 55.00 | OK | |
| r-oldrel-macos-arm64 | 1.1.1 | 1.00 | 15.00 | 16.00 | OK | |
| r-oldrel-macos-x86_64 | 1.1.1 | 3.00 | 22.00 | 25.00 | OK | |
| r-oldrel-windows-x86_64 | 1.1.1 | 4.00 | 56.00 | 60.00 | OK |
Version: 1.1.1
Check: CRAN incoming feasibility
Result: NOTE
Maintainer: ‘Ziyang Lyu <ziyang.lyu@unsw.edu.au>’
No Authors@R field in DESCRIPTION.
Please add one, modifying
Authors@R: c(person(given = "Ziyang",
family = "Lyu",
role = c("aut", "cre"),
email = "ziyang.lyu@unsw.edu.au"),
person(given = "Daniel",
family = "Ahfock",
role = "aut"),
person(given = c("Geoffrey", "J."),
family = "McLachlan",
role = "aut"))
as necessary.
Flavors: r-devel-linux-x86_64-debian-clang, r-devel-linux-x86_64-debian-gcc