CRAN Package Check Results for Package Eagle

Last updated on 2025-10-22 05:51:07 CEST.

Flavor Version Tinstall Tcheck Ttotal Status Flags
r-devel-linux-x86_64-debian-clang 2.5 190.62 85.36 275.98 NOTE
r-devel-linux-x86_64-debian-gcc 2.5 128.48 65.41 193.89 NOTE
r-devel-linux-x86_64-fedora-clang 2.5 368.00 169.86 537.86 NOTE
r-devel-linux-x86_64-fedora-gcc 2.5 321.00 175.81 496.81 NOTE
r-devel-windows-x86_64 2.5 203.00 120.00 323.00 NOTE
r-patched-linux-x86_64 2.5 193.18 86.86 280.04 NOTE
r-release-linux-x86_64 2.5 200.72 87.48 288.20 NOTE
r-release-macos-arm64 2.5 71.00 34.00 105.00 NOTE
r-release-macos-x86_64 2.5 53.00 60.00 113.00 NOTE
r-release-windows-x86_64 2.5 221.00 125.00 346.00 NOTE
r-oldrel-macos-arm64 2.5 80.00 33.00 113.00 NOTE
r-oldrel-macos-x86_64 2.5 54.00 50.00 104.00 NOTE
r-oldrel-windows-x86_64 2.5 238.00 154.00 392.00 NOTE

Check Details

Version: 2.5
Check: CRAN incoming feasibility
Result: NOTE Maintainer: ‘Andrew George <geo047@gmail.com>’ Package CITATION file contains call(s) to old-style citEntry(). Please use bibentry() instead. Flavors: r-devel-linux-x86_64-debian-clang, r-devel-linux-x86_64-debian-gcc

Version: 2.5
Check: Rd files
Result: NOTE checkRd: (-1) AM.Rd:95-98: Lost braces in \itemize; meant \describe ? checkRd: (-1) AM.Rd:99-102: Lost braces in \itemize; meant \describe ? checkRd: (-1) AM.Rd:103: Lost braces in \itemize; meant \describe ? checkRd: (-1) AM.Rd:123-125: Lost braces in \itemize; meant \describe ? checkRd: (-1) AM.Rd:126-133: Lost braces in \itemize; meant \describe ? checkRd: (-1) AM.Rd:134-135: Lost braces in \itemize; meant \describe ? checkRd: (-1) AM.Rd:136-137: Lost braces in \itemize; meant \describe ? checkRd: (-1) AM.Rd:163-165: Lost braces in \itemize; meant \describe ? checkRd: (-1) AM.Rd:166-173: Lost braces in \itemize; meant \describe ? checkRd: (-1) AM.Rd:174-176: Lost braces in \itemize; meant \describe ? checkRd: (-1) AM.Rd:177-178: Lost braces in \itemize; meant \describe ? checkRd: (-1) AM.Rd:179-180: Lost braces in \itemize; meant \describe ? Flavors: r-devel-linux-x86_64-debian-clang, r-devel-linux-x86_64-debian-gcc, r-devel-linux-x86_64-fedora-clang, r-devel-linux-x86_64-fedora-gcc, r-devel-windows-x86_64, r-patched-linux-x86_64, r-release-linux-x86_64, r-release-macos-arm64, r-release-macos-x86_64, r-release-windows-x86_64, r-oldrel-macos-arm64, r-oldrel-macos-x86_64, r-oldrel-windows-x86_64

Version: 2.5
Check: C++ specification
Result: NOTE Specified C++11: please drop specification unless essential Flavors: r-devel-windows-x86_64, r-release-windows-x86_64, r-oldrel-windows-x86_64

Version: 2.5
Check: installed package size
Result: NOTE installed size is 12.7Mb sub-directories of 1Mb or more: libs 11.3Mb shiny_app 1.1Mb Flavors: r-oldrel-macos-arm64, r-oldrel-macos-x86_64