CRAN Package Check Results for Package EconCausal

Last updated on 2025-10-22 05:51:07 CEST.

Flavor Version Tinstall Tcheck Ttotal Status Flags
r-devel-linux-x86_64-debian-clang 1.0.2 3.82 42.30 46.12 OK
r-devel-linux-x86_64-debian-gcc 1.0.2 2.93 33.11 36.04 OK
r-devel-linux-x86_64-fedora-clang 1.0.2 30.00 47.46 77.46 OK
r-devel-linux-x86_64-fedora-gcc 1.0.2 85.84 OK
r-devel-windows-x86_64 1.0.2 5.00 59.00 64.00 OK
r-patched-linux-x86_64 1.0.2 3.52 40.41 43.93 OK
r-release-linux-x86_64 1.0.2 3.62 39.87 43.49 OK
r-release-macos-arm64 1.0.2 2.00 32.00 34.00 OK
r-release-macos-x86_64 1.0.2 3.00 59.00 62.00 OK
r-release-windows-x86_64 1.0.2 9.00 78.00 87.00 OK
r-oldrel-macos-arm64 1.0.2 2.00 37.00 39.00 NOTE
r-oldrel-macos-x86_64 1.0.2 4.00 76.00 80.00 NOTE
r-oldrel-windows-x86_64 1.0.2 7.00 73.00 80.00 NOTE

Check Details

Version: 1.0.2
Check: package dependencies
Result: NOTE Package suggested but not available for checking: ‘cmdstanr’ Flavors: r-oldrel-macos-arm64, r-oldrel-macos-x86_64, r-oldrel-windows-x86_64