CRAN Package Check Results for Package Elja

Last updated on 2025-10-22 05:51:07 CEST.

Flavor Version Tinstall Tcheck Ttotal Status Flags
r-devel-linux-x86_64-debian-clang 1.0.0 9.51 84.29 93.80 NOTE
r-devel-linux-x86_64-debian-gcc 1.0.0 6.49 55.63 62.12 NOTE
r-devel-linux-x86_64-fedora-clang 1.0.0 23.00 142.34 165.34 OK
r-devel-linux-x86_64-fedora-gcc 1.0.0 22.00 138.60 160.60 OK
r-devel-windows-x86_64 1.0.0 10.00 86.00 96.00 OK
r-patched-linux-x86_64 1.0.0 8.94 78.66 87.60 OK
r-release-linux-x86_64 1.0.0 8.18 78.03 86.21 OK
r-release-macos-arm64 1.0.0 4.00 41.00 45.00 OK
r-release-macos-x86_64 1.0.0 7.00 77.00 84.00 OK
r-release-windows-x86_64 1.0.0 13.00 89.00 102.00 OK
r-oldrel-macos-arm64 1.0.0 3.00 35.00 38.00 OK
r-oldrel-macos-x86_64 1.0.0 8.00 96.00 104.00 OK
r-oldrel-windows-x86_64 1.0.0 15.00 114.00 129.00 OK

Check Details

Version: 1.0.0
Check: DESCRIPTION meta-information
Result: NOTE Author field differs from that derived from Authors@R Author: ‘Marwan El Homsi [aut, cre, cph] (<https://orcid.org/0000-0002-5782-6757>, Desbrest Institute of Epidemiology and Public Health, Univ Montpellier, INSERM, Montpellier, France.), Isabella Annesi-Maesano [ctb, ths, fnd] (<https://orcid.org/0000-0002-6340-9300>, Desbrest Institute of Epidemiology and Public Health, Univ Montpellier, INSERM, Montpellier, France., Department of Allergic and Respiratory Diseases, Montpellier University Hospital, Montpellier.)’ Authors@R: ‘Marwan El Homsi [aut, cre, cph] (ORCID: <https://orcid.org/0000-0002-5782-6757>, affiliation: Desbrest Institute of Epidemiology and Public Health, Univ Montpellier, INSERM, Montpellier, France.), Isabella Annesi-Maesano [ctb, ths, fnd] (ORCID: <https://orcid.org/0000-0002-6340-9300>, affiliation1: Desbrest Institute of Epidemiology and Public Health, Univ Montpellier, INSERM, Montpellier, France., affiliation2: Department of Allergic and Respiratory Diseases, Montpellier University Hospital, Montpellier.)’ Flavors: r-devel-linux-x86_64-debian-clang, r-devel-linux-x86_64-debian-gcc