Last updated on 2025-10-24 04:50:51 CEST.
| Flavor | Version | Tinstall | Tcheck | Ttotal | Status | Flags |
|---|---|---|---|---|---|---|
| r-devel-linux-x86_64-debian-clang | 0.1-8 | 2.06 | 29.12 | 31.18 | NOTE | |
| r-devel-linux-x86_64-debian-gcc | 0.1-8 | 1.53 | 21.17 | 22.70 | NOTE | |
| r-devel-linux-x86_64-fedora-clang | 0.1-8 | 45.11 | OK | |||
| r-devel-linux-x86_64-fedora-gcc | 0.1-8 | 44.46 | OK | |||
| r-devel-windows-x86_64 | 0.1-8 | 4.00 | 61.00 | 65.00 | OK | |
| r-patched-linux-x86_64 | 0.1-8 | 3.41 | 27.23 | 30.64 | OK | |
| r-release-linux-x86_64 | 0.1-8 | 1.84 | 27.35 | 29.19 | OK | |
| r-release-macos-arm64 | 0.1-8 | 1.00 | 21.00 | 22.00 | OK | |
| r-release-macos-x86_64 | 0.1-8 | 3.00 | 33.00 | 36.00 | OK | |
| r-release-windows-x86_64 | 0.1-8 | 3.00 | 65.00 | 68.00 | OK | |
| r-oldrel-macos-arm64 | 0.1-8 | 1.00 | 20.00 | 21.00 | OK | |
| r-oldrel-macos-x86_64 | 0.1-8 | 3.00 | 27.00 | 30.00 | OK | |
| r-oldrel-windows-x86_64 | 0.1-8 | 7.00 | 72.00 | 79.00 | OK |
Version: 0.1-8
Check: CRAN incoming feasibility
Result: NOTE
Maintainer: ‘Douglas Bates <bates@stat.wisc.edu>’
No Authors@R field in DESCRIPTION.
Please add one, modifying
Authors@R: c(person(given = c("R", "port", "by", "Douglas"),
family = "Bates",
role = "aut",
email = "bates@stat.wisc.edu"),
person(given = c("Karen", "A.F."),
family = "Copeland",
role = "aut",
email = "karen@boulderstats.com"),
person(given = "Douglas",
family = "Bates",
role = "cre",
email = "bates@stat.wisc.edu"))
as necessary.
Flavors: r-devel-linux-x86_64-debian-clang, r-devel-linux-x86_64-debian-gcc