Last updated on 2025-10-22 05:51:07 CEST.
Flavor | Version | Tinstall | Tcheck | Ttotal | Status | Flags |
---|---|---|---|---|---|---|
r-devel-linux-x86_64-debian-clang | 2.5.0 | 33.69 | 603.47 | 637.16 | NOTE | |
r-devel-linux-x86_64-debian-gcc | 2.5.0 | 22.91 | 383.93 | 406.84 | NOTE | |
r-devel-linux-x86_64-fedora-clang | 2.5.0 | 173.00 | 873.27 | 1046.27 | OK | |
r-devel-linux-x86_64-fedora-gcc | 2.5.0 | 75.00 | 902.05 | 977.05 | OK | |
r-devel-windows-x86_64 | 2.5.0 | 39.00 | 583.00 | 622.00 | OK | |
r-patched-linux-x86_64 | 2.5.0 | 33.70 | 597.69 | 631.39 | OK | |
r-release-linux-x86_64 | 2.5.0 | 33.63 | 568.44 | 602.07 | OK | |
r-release-macos-arm64 | 2.5.0 | 12.00 | 207.00 | 219.00 | OK | |
r-release-macos-x86_64 | 2.5.0 | 23.00 | 478.00 | 501.00 | OK | |
r-release-windows-x86_64 | 2.5.0 | 38.00 | 582.00 | 620.00 | OK | |
r-oldrel-macos-arm64 | 2.5.0 | 13.00 | 147.00 | 160.00 | OK | |
r-oldrel-macos-x86_64 | 2.5.0 | 21.00 | 255.00 | 276.00 | OK | |
r-oldrel-windows-x86_64 | 2.5.0 | 51.00 | 798.00 | 849.00 | NOTE |
Version: 2.5.0
Check: HTML version of manual
Result: NOTE
Found the following HTML validation problems:
as.epi.data.frame.html:47:1 (as.epi.data.frame.Rd:10): Warning: missing </ul> before </div>
create_scenario_list.html:51:1 (create_scenario_list.Rd:20): Warning: <h3> anchor "scenarios.df" already defined
format_param.html:52:1 (format_param.Rd:13): Warning: missing </ul> before </div>
get_nwparam.html:52:1 (get_nwparam.Rd:13): Warning: missing </ul> before </div>
mcat.html:47:1 (mcat.Rd:10): Warning: missing </ul> before </div>
param.net_from_table.html:54:1 (param.net_from_table.Rd:23): Warning: <h3> anchor "long.param.df" already defined
plot.epi.data.frame.html:198:1 (plot.epi.data.frame.Rd:108): Warning: missing </ul> before </div>
print_nwstats_table.html:50:1 (print_nwstats_table.Rd:12): Warning: missing </ul> before </div>
test_icm.html:48:1 (test_icm.Rd:10): Warning: missing </ul> before </div>
test_net.html:48:1 (test_net.Rd:10): Warning: missing </ul> before </div>
use_scenario.html:57:1 (use_scenario.Rd:24): Warning: <h3> anchor "scenario" already defined
verbose.dcm.html:58:1 (verbose.dcm.Rd:17): Warning: missing </ul> before </div>
verbose.icm.html:62:1 (verbose.icm.Rd:19): Warning: missing </ul> before </div>
verbose.net.html:62:1 (verbose.net.Rd:19): Warning: missing </ul> before </div>
Flavors: r-devel-linux-x86_64-debian-clang, r-devel-linux-x86_64-debian-gcc
Version: 2.5.0
Check: installed package size
Result: NOTE
installed size is 5.1Mb
sub-directories of 1Mb or more:
doc 2.8Mb
Flavor: r-oldrel-windows-x86_64