Last updated on 2025-10-23 08:49:54 CEST.
Flavor | Version | Tinstall | Tcheck | Ttotal | Status | Flags |
---|---|---|---|---|---|---|
r-devel-linux-x86_64-debian-clang | 0.1.0 | 6.51 | 91.74 | 98.25 | NOTE | |
r-devel-linux-x86_64-debian-gcc | 0.1.0 | 4.72 | 65.20 | 69.92 | NOTE | |
r-devel-linux-x86_64-fedora-clang | 0.1.0 | 12.00 | 136.76 | 148.76 | OK | |
r-devel-linux-x86_64-fedora-gcc | 0.1.0 | 16.00 | 126.11 | 142.11 | OK | |
r-devel-windows-x86_64 | 0.1.0 | 8.00 | 89.00 | 97.00 | OK | |
r-patched-linux-x86_64 | 0.1.0 | 5.99 | 82.26 | 88.25 | OK | |
r-release-linux-x86_64 | 0.1.0 | 6.85 | 83.59 | 90.44 | OK | |
r-release-macos-arm64 | 0.1.0 | 3.00 | 38.00 | 41.00 | OK | |
r-release-macos-x86_64 | 0.1.0 | 10.00 | 113.00 | 123.00 | OK | |
r-release-windows-x86_64 | 0.1.0 | 7.00 | 90.00 | 97.00 | OK | |
r-oldrel-macos-arm64 | 0.1.0 | 3.00 | 34.00 | 37.00 | NOTE | |
r-oldrel-macos-x86_64 | 0.1.0 | 5.00 | 59.00 | 64.00 | NOTE | |
r-oldrel-windows-x86_64 | 0.1.0 | 9.00 | 121.00 | 130.00 | NOTE |
Version: 0.1.0
Check: CRAN incoming feasibility
Result: NOTE
Maintainer: ‘Kathrin Moellenhoff <kathrin.moellenhoff@rub.de>’
No Authors@R field in DESCRIPTION.
Please add one, modifying
Authors@R: person(given = "Kathrin",
family = "Moellenhoff",
role = c("aut", "cre"),
email = "kathrin.moellenhoff@rub.de")
as necessary.
The Description field contains
equivalence in time-to-event data <arXiv:2009.06699>.
Please refer to arXiv e-prints via their arXiv DOI <doi:10.48550/arXiv.YYMM.NNNNN>.
Flavors: r-devel-linux-x86_64-debian-clang, r-devel-linux-x86_64-debian-gcc
Version: 0.1.0
Check: LazyData
Result: NOTE
'LazyData' is specified without a 'data' directory
Flavors: r-oldrel-macos-arm64, r-oldrel-macos-x86_64, r-oldrel-windows-x86_64