Last updated on 2025-10-22 05:51:08 CEST.
Flavor | Version | Tinstall | Tcheck | Ttotal | Status | Flags |
---|---|---|---|---|---|---|
r-devel-linux-x86_64-debian-clang | 1.1.0 | 12.45 | 473.56 | 486.01 | NOTE | |
r-devel-linux-x86_64-debian-gcc | 1.1.0 | 9.23 | 324.92 | 334.15 | NOTE | |
r-devel-linux-x86_64-fedora-clang | 1.1.0 | 96.00 | 708.15 | 804.15 | OK | |
r-devel-linux-x86_64-fedora-gcc | 1.1.0 | 25.00 | 745.04 | 770.04 | OK | |
r-devel-windows-x86_64 | 1.1.0 | 10.00 | 558.00 | 568.00 | OK | |
r-patched-linux-x86_64 | 1.0.0 | 14.77 | 448.30 | 463.07 | OK | |
r-release-linux-x86_64 | 1.1.0 | 11.35 | 456.42 | 467.77 | OK | |
r-release-macos-arm64 | 1.1.0 | 5.00 | 375.00 | 380.00 | OK | |
r-release-macos-x86_64 | 1.1.0 | 13.00 | 611.00 | 624.00 | OK | |
r-release-windows-x86_64 | 1.1.0 | 9.00 | 545.00 | 554.00 | OK | |
r-oldrel-macos-arm64 | 1.1.0 | 7.00 | 397.00 | 404.00 | OK | |
r-oldrel-macos-x86_64 | 1.1.0 | 16.00 | 536.00 | 552.00 | OK | |
r-oldrel-windows-x86_64 | 1.1.0 | 11.00 | 650.00 | 661.00 | OK |
Version: 1.1.0
Check: HTML version of manual
Result: NOTE
Found the following HTML validation problems:
createApproximations.html:50:1 (createApproximations.Rd:12): Warning: missing </ul> before </div>
loadCyclopsLibraryForJava.html:48:1 (loadCyclopsLibraryForJava.Rd:12): Warning: missing </ul> before </div>
summarizeChain.html:50:1 (summarizeChain.Rd:12): Warning: missing </ul> before </div>
Flavors: r-devel-linux-x86_64-debian-clang, r-devel-linux-x86_64-debian-gcc