CRAN Package Check Results for Package FARS

Last updated on 2025-10-22 05:51:08 CEST.

Flavor Version Tinstall Tcheck Ttotal Status Flags
r-devel-linux-x86_64-debian-clang 0.6.1 15.55 127.97 143.52 NOTE
r-devel-linux-x86_64-debian-gcc 0.6.1 9.62 91.56 101.18 NOTE
r-devel-linux-x86_64-fedora-clang 0.6.1 71.00 159.66 230.66 OK
r-devel-linux-x86_64-fedora-gcc 0.6.1 35.00 188.30 223.30 OK
r-devel-windows-x86_64 0.6.1 17.00 129.00 146.00 OK
r-patched-linux-x86_64 0.6.1 16.82 119.13 135.95 OK
r-release-linux-x86_64 0.6.1 14.68 118.02 132.70 OK
r-release-macos-arm64 0.6.1 7.00 56.00 63.00 OK
r-release-macos-x86_64 0.6.1 17.00 146.00 163.00 OK
r-release-windows-x86_64 0.6.1 18.00 138.00 156.00 OK
r-oldrel-macos-arm64 0.6.1 6.00 60.00 66.00 OK
r-oldrel-macos-x86_64 0.6.1 17.00 141.00 158.00 OK
r-oldrel-windows-x86_64 0.6.1 24.00 165.00 189.00 OK

Check Details

Version: 0.6.1
Check: HTML version of manual
Result: NOTE Found the following HTML validation problems: plot.fars_density.html:55:1 (plot.fars_density.Rd:14): Warning: missing </ul> before </div> plot.fars_scenario.html:55:1 (plot.fars_scenario.Rd:14): Warning: missing </ul> before </div> plot_factors.mldfm.html:62:1 (plot_factors.mldfm.Rd:18): Warning: missing </ul> before </div> plot_loadings.mldfm.html:58:1 (plot_loadings.mldfm.Rd:16): Warning: missing </ul> before </div> plot_residuals.mldfm.html:54:1 (plot_residuals.mldfm.Rd:14): Warning: missing </ul> before </div> Flavors: r-devel-linux-x86_64-debian-clang, r-devel-linux-x86_64-debian-gcc