Last updated on 2025-10-24 04:50:52 CEST.
| Flavor | Version | Tinstall | Tcheck | Ttotal | Status | Flags |
|---|---|---|---|---|---|---|
| r-devel-linux-x86_64-debian-clang | 2.4.4 | 31.97 | 62.50 | 94.47 | NOTE | |
| r-devel-linux-x86_64-debian-gcc | 2.4.4 | 22.18 | 44.57 | 66.75 | OK | |
| r-devel-linux-x86_64-fedora-clang | 2.4.4 | 64.00 | 87.62 | 151.62 | OK | |
| r-devel-linux-x86_64-fedora-gcc | 2.4.4 | 45.00 | 122.08 | 167.08 | OK | |
| r-devel-windows-x86_64 | 2.4.4 | 31.00 | 104.00 | 135.00 | OK | |
| r-patched-linux-x86_64 | 2.4.4 | 33.41 | 58.17 | 91.58 | OK | |
| r-release-linux-x86_64 | 2.4.4 | 31.77 | 59.08 | 90.85 | OK | |
| r-release-macos-arm64 | 2.4.4 | 12.00 | 33.00 | 45.00 | OK | |
| r-release-macos-x86_64 | 2.4.4 | 18.00 | 69.00 | 87.00 | OK | |
| r-release-windows-x86_64 | 2.4.4 | 35.00 | 104.00 | 139.00 | OK | |
| r-oldrel-macos-arm64 | 2.4.4 | 12.00 | 30.00 | 42.00 | OK | |
| r-oldrel-macos-x86_64 | 2.4.4 | 15.00 | 50.00 | 65.00 | OK | |
| r-oldrel-windows-x86_64 | 2.4.4 | 33.00 | 123.00 | 156.00 | OK |
Version: 2.4.4
Check: top-level files
Result: NOTE
Found the following validation problem for the NEWS.Rd HTML conversion:
NEWS.html:754:1 (inst/NEWS.Rd:339): Warning: missing </ul> before </div>
NEWS.html:142:1 (inst/NEWS.Rd:65): Warning: <h4> anchor "Bug-fixes" already defined
NEWS.html:197:1 (inst/NEWS.Rd:90): Warning: <h4> anchor "Bug-fixes" already defined
NEWS.html:240:1 (inst/NEWS.Rd:112): Warning: <h4> anchor "Improvements" already defined
NEWS.html:283:1 (inst/NEWS.Rd:131): Warning: <h4> anchor "Vignette" already defined
NEWS.html:309:1 (inst/NEWS.Rd:144): Warning: <h4> anchor "New-arguments" already defined
NEWS.html:320:1 (inst/NEWS.Rd:149): Warning: <h4> anchor "Improvements" already defined
NEWS.html:343:1 (inst/NEWS.Rd:158): Warning: <h4> anchor "Other" already defined
NEWS.html:386:1 (inst/NEWS.Rd:178): Warning: <h4> anchor "Vignette" already defined
NEWS.html:404:1 (inst/NEWS.Rd:187): Warning: <h4> anchor "New-features" already defined
NEWS.html:427:1 (inst/NEWS.Rd:196): Warning: <h4> anchor "Improvements" already defined
NEWS.html:519:1 (inst/NEWS.Rd:236): Warning: <h4> anchor "Improvements" already defined
NEWS.html:533:1 (inst/NEWS.Rd:242): Warning: <h4> anchor "Documentation" already defined
NEWS.html:548:1 (inst/NEWS.Rd:250): Warning: <h4> anchor "New-features" already defined
NEWS.html:565:1 (inst/NEWS.Rd:257): Warning: <h4> anchor "Documentation" already defined
NEWS.html:582:1 (inst/NEWS.Rd:264): Warning: <h4> anchor "Bug" already defined
NEWS.html:596:1 (inst/NEWS.Rd:270): Warning: <h4> anchor "Miscellaneous" already defined
NEWS.html:637:1 (inst/NEWS.Rd:289): Warning: <h4> anchor "Other" already defined
NEWS.html:686:1 (inst/NEWS.Rd:313): Warning: <h4> anchor "New-Features" already defined
NEWS.html:740:1 (inst/NEWS.Rd:335): Warning: <h4> anchor "Bug-Fixes" already defined
Flavor: r-devel-linux-x86_64-debian-clang