Last updated on 2025-10-22 05:51:09 CEST.
Flavor | Version | Tinstall | Tcheck | Ttotal | Status | Flags |
---|---|---|---|---|---|---|
r-devel-linux-x86_64-debian-clang | 1.1.2 | 12.67 | 109.55 | 122.22 | NOTE | |
r-devel-linux-x86_64-debian-gcc | 1.1.2 | 9.20 | 78.84 | 88.04 | NOTE | |
r-devel-linux-x86_64-fedora-clang | 1.1.2 | 23.00 | 161.40 | 184.40 | OK | |
r-devel-linux-x86_64-fedora-gcc | 1.1.2 | 59.00 | 128.99 | 187.99 | OK | |
r-devel-windows-x86_64 | 1.1.2 | 13.00 | 113.00 | 126.00 | OK | |
r-patched-linux-x86_64 | 1.1.2 | 12.36 | 102.30 | 114.66 | OK | |
r-release-linux-x86_64 | 1.1.2 | 12.53 | 103.62 | 116.15 | OK | |
r-release-macos-arm64 | 1.1.2 | 6.00 | 63.00 | 69.00 | OK | |
r-release-macos-x86_64 | 1.1.2 | 10.00 | 83.00 | 93.00 | OK | |
r-release-windows-x86_64 | 1.1.2 | 12.00 | 116.00 | 128.00 | OK | |
r-oldrel-macos-arm64 | 1.1.2 | 6.00 | 47.00 | 53.00 | OK | |
r-oldrel-macos-x86_64 | 1.1.2 | 11.00 | 105.00 | 116.00 | OK | |
r-oldrel-windows-x86_64 | 1.1.2 | 17.00 | 146.00 | 163.00 | OK |
Version: 1.1.2
Check: top-level files
Result: NOTE
Found the following validation problem for the NEWS.Rd HTML conversion:
NEWS.html:62:1 (inst/NEWS.Rd:21): Warning: missing </ul> before </div>
Flavors: r-devel-linux-x86_64-debian-clang, r-devel-linux-x86_64-debian-gcc