Last updated on 2025-07-21 08:50:03 CEST.
Flavor | Version | Tinstall | Tcheck | Ttotal | Status | Flags |
---|---|---|---|---|---|---|
r-devel-linux-x86_64-debian-clang | 3.4.8 | 89.99 | 163.15 | 253.14 | NOTE | |
r-devel-linux-x86_64-debian-gcc | 3.4.8 | 64.64 | 104.25 | 168.89 | NOTE | |
r-devel-linux-x86_64-fedora-clang | 3.4.8 | 420.61 | OK | |||
r-devel-linux-x86_64-fedora-gcc | 3.4.8 | 411.73 | OK | |||
r-devel-windows-x86_64 | 3.4.8 | 95.00 | 184.00 | 279.00 | OK | |
r-patched-linux-x86_64 | 3.4.8 | 87.48 | 147.84 | 235.32 | OK | |
r-release-linux-x86_64 | 3.4.8 | 91.64 | 145.53 | 237.17 | OK | |
r-release-macos-arm64 | 3.4.8 | 86.00 | OK | |||
r-release-macos-x86_64 | 3.4.8 | 159.00 | OK | |||
r-release-windows-x86_64 | 3.4.8 | 99.00 | 174.00 | 273.00 | OK | |
r-oldrel-macos-arm64 | 3.4.8 | 98.00 | NOTE | |||
r-oldrel-macos-x86_64 | 3.4.8 | 227.00 | NOTE | |||
r-oldrel-windows-x86_64 | 3.4.8 | 118.00 | 241.00 | 359.00 | OK |
Version: 3.4.8
Check: CRAN incoming feasibility
Result: NOTE
Maintainer: ‘Jose Gerardo Tamez-Pena <jose.tamezpena@tec.mx>’
No Authors@R field in DESCRIPTION.
Please add one, modifying
Authors@R: c(person(given = c("Jose", "Gerardo"),
family = "Tamez-Pena",
role = c("aut", "cre"),
email = "jose.tamezpena@tec.mx"),
person(given = "Antonio",
family = "Martinez-Torteya",
role = "aut"),
person(given = "Israel",
family = "Alanis",
role = "aut"),
person(given = "Jorge",
family = "Orozco",
role = "aut"))
as necessary.
Flavors: r-devel-linux-x86_64-debian-clang, r-devel-linux-x86_64-debian-gcc
Version: 3.4.8
Check: installed package size
Result: NOTE
installed size is 9.2Mb
sub-directories of 1Mb or more:
doc 1.7Mb
libs 6.2Mb
Flavors: r-oldrel-macos-arm64, r-oldrel-macos-x86_64