Last updated on 2025-10-22 05:51:10 CEST.
Flavor | Version | Tinstall | Tcheck | Ttotal | Status | Flags |
---|---|---|---|---|---|---|
r-devel-linux-x86_64-debian-clang | 0.2.0 | 9.28 | 80.07 | 89.35 | NOTE | |
r-devel-linux-x86_64-debian-gcc | 0.2.0 | 5.95 | 56.19 | 62.14 | NOTE | |
r-devel-linux-x86_64-fedora-clang | 0.2.0 | 53.00 | 87.44 | 140.44 | OK | |
r-devel-linux-x86_64-fedora-gcc | 0.2.0 | 38.00 | 113.18 | 151.18 | OK | |
r-devel-windows-x86_64 | 0.2.0 | 10.00 | 93.00 | 103.00 | OK | |
r-patched-linux-x86_64 | 0.2.0 | 8.40 | 73.07 | 81.47 | OK | |
r-release-linux-x86_64 | 0.2.0 | 7.82 | 71.90 | 79.72 | OK | |
r-release-macos-arm64 | 0.2.0 | 5.00 | 45.00 | 50.00 | OK | |
r-release-macos-x86_64 | 0.2.0 | 11.00 | 87.00 | 98.00 | OK | |
r-release-windows-x86_64 | 0.2.0 | 13.00 | 111.00 | 124.00 | OK | |
r-oldrel-macos-arm64 | 0.2.0 | 4.00 | 47.00 | 51.00 | OK | |
r-oldrel-macos-x86_64 | 0.2.0 | 9.00 | 89.00 | 98.00 | OK | |
r-oldrel-windows-x86_64 | 0.2.0 | 18.00 | 120.00 | 138.00 | OK |
Version: 0.2.0
Check: HTML version of manual
Result: NOTE
Found the following HTML validation problems:
FSKAuthor.html:124:1 (FSKAuthor.Rd:65): Warning: missing </ul> before </div>
FSKDataBackground.html:68:1 (FSKDataBackground.Rd:24): Warning: missing </ul> before </div>
FSKGeneralInformation.html:138:1 (FSKGeneralInformation.Rd:66): Warning: missing </ul> before </div>
FSKMetadata.html:69:1 (FSKMetadata.Rd:24): Warning: missing </ul> before </div>
FSKModelCategory.html:63:1 (FSKModelCategory.Rd:21): Warning: missing </ul> before </div>
FSKModelMath.html:73:1 (FSKModelMath.Rd:27): Warning: missing </ul> before </div>
FSKParameter.html:123:1 (FSKParameter.Rd:57): Warning: missing </ul> before </div>
FSKReference.html:113:1 (FSKReference.Rd:51): Warning: missing </ul> before </div>
FSKScope.html:73:1 (FSKScope.Rd:27): Warning: missing </ul> before </div>
check_manifest_files.html:50:1 (check_manifest_files.Rd:12): Warning: missing </ul> before </div>
convert_metadata_to_lists.html:47:1 (convert_metadata_to_lists.Rd:11): Warning: missing </ul> before </div>
dataframe_to_list.html:47:1 (dataframe_to_list.Rd:10): Warning: missing </ul> before </div>
export_R_model.html:54:1 (export_R_model.Rd:14): Warning: missing </ul> before </div>
export_manifest.html:54:1 (export_manifest.Rd:14): Warning: missing </ul> before </div>
export_metadata.html:54:1 (export_metadata.Rd:14): Warning: missing </ul> before </div>
export_modelmetadata.html:54:1 (export_modelmetadata.Rd:14): Warning: missing </ul> before </div>
export_otherfiles.html:54:1 (export_otherfiles.Rd:14): Warning: missing </ul> before </div>
export_packages.html:54:1 (export_packages.Rd:14): Warning: missing </ul> before </div>
export_readme.html:54:1 (export_readme.Rd:14): Warning: missing </ul> before </div>
export_sbmlModel.html:54:1 (export_sbmlModel.Rd:14): Warning: missing </ul> before </div>
export_simulation.html:54:1 (export_simulation.Rd:14): Warning: missing </ul> before </div>
export_visualization.html:54:1 (export_visualization.Rd:14): Warning: missing </ul> before </div>
export_workspace.html:59:1 (export_workspace.Rd:16): Warning: missing </ul> before </div>
import_fsk_join.html:51:1 (import_fsk_join.Rd:12): Warning: missing </ul> before </div>
metadata_list_to_fsk.html:51:1 (metadata_list_to_fsk.Rd:12): Warning: missing </ul> before </div>
read_other_files.html:60:1 (read_other_files.Rd:16): Warning: missing </ul> before </div>
update_manifest.html:46:1 (update_manifest.Rd:10): Warning: missing </ul> before </div>
Flavors: r-devel-linux-x86_64-debian-clang, r-devel-linux-x86_64-debian-gcc