Last updated on 2025-10-22 05:51:08 CEST.
Flavor | Version | Tinstall | Tcheck | Ttotal | Status | Flags |
---|---|---|---|---|---|---|
r-devel-linux-x86_64-debian-clang | 1.0.0 | 115.47 | 554.40 | 669.87 | NOTE | |
r-devel-linux-x86_64-debian-gcc | 1.0.0 | 83.22 | 383.07 | 466.29 | NOTE | |
r-devel-linux-x86_64-fedora-clang | 1.0.0 | 185.00 | 871.85 | 1056.85 | OK | |
r-devel-linux-x86_64-fedora-gcc | 1.0.0 | 332.00 | 741.94 | 1073.94 | OK | |
r-devel-windows-x86_64 | 1.0.0 | 118.00 | 487.00 | 605.00 | OK | |
r-patched-linux-x86_64 | 1.0.0 | 116.80 | 537.62 | 654.42 | OK | |
r-release-linux-x86_64 | 1.0.0 | 122.49 | 538.15 | 660.64 | OK | |
r-release-macos-arm64 | 1.0.0 | 42.00 | 194.00 | 236.00 | OK | |
r-release-macos-x86_64 | 1.0.0 | 50.00 | 477.00 | 527.00 | OK | |
r-release-windows-x86_64 | 1.0.0 | 121.00 | 487.00 | 608.00 | OK | |
r-oldrel-macos-arm64 | 1.0.0 | 47.00 | 196.00 | 243.00 | NOTE | |
r-oldrel-macos-x86_64 | 1.0.0 | 43.00 | 276.00 | 319.00 | NOTE | |
r-oldrel-windows-x86_64 | 1.0.0 | 148.00 | 668.00 | 816.00 | OK |
Version: 1.0.0
Check: HTML version of manual
Result: NOTE
Found the following HTML validation problems:
create_data.html:56:1 (create_data.Rd:18): Warning: missing </ul> before </div>
rank_via_null.html:50:1 (rank_via_null.Rd:12): Warning: missing </ul> before </div>
Flavors: r-devel-linux-x86_64-debian-clang, r-devel-linux-x86_64-debian-gcc
Version: 1.0.0
Check: installed package size
Result: NOTE
installed size is 31.4Mb
sub-directories of 1Mb or more:
libs 30.7Mb
Flavors: r-oldrel-macos-arm64, r-oldrel-macos-x86_64