Last updated on 2025-10-22 05:51:08 CEST.
Flavor | Version | Tinstall | Tcheck | Ttotal | Status | Flags |
---|---|---|---|---|---|---|
r-devel-linux-x86_64-debian-clang | 0.2.1 | 12.02 | 60.65 | 72.67 | OK | |
r-devel-linux-x86_64-debian-gcc | 0.2.1 | 8.51 | 43.95 | 52.46 | OK | |
r-devel-linux-x86_64-fedora-clang | 0.2.1 | 33.00 | 82.46 | 115.46 | NOTE | |
r-devel-linux-x86_64-fedora-gcc | 0.2.1 | 40.00 | 86.23 | 126.23 | NOTE | |
r-devel-windows-x86_64 | 0.2.1 | 18.00 | 111.00 | 129.00 | OK | |
r-patched-linux-x86_64 | 0.2.1 | 13.86 | 55.80 | 69.66 | OK | |
r-release-linux-x86_64 | 0.2.1 | 11.84 | 55.69 | 67.53 | OK | |
r-release-macos-arm64 | 0.2.1 | 6.00 | 37.00 | 43.00 | OK | |
r-release-macos-x86_64 | 0.2.1 | 10.00 | 64.00 | 74.00 | OK | |
r-release-windows-x86_64 | 0.2.1 | 24.00 | 111.00 | 135.00 | OK | |
r-oldrel-macos-arm64 | 0.2.1 | 7.00 | 39.00 | 46.00 | OK | |
r-oldrel-macos-x86_64 | 0.2.1 | 20.00 | 125.00 | 145.00 | OK | |
r-oldrel-windows-x86_64 | 0.2.1 | 25.00 | 133.00 | 158.00 | OK |
Version: 0.2.1
Check: dependencies in R code
Result: NOTE
Namespace in Imports field not imported from: ‘lifecycle’
All declared Imports should be used.
Flavors: r-devel-linux-x86_64-fedora-clang, r-devel-linux-x86_64-fedora-gcc