CRAN Package Check Results for Package FertBoot

Last updated on 2025-07-21 08:50:02 CEST.

Flavor Version Tinstall Tcheck Ttotal Status Flags
r-devel-linux-x86_64-debian-clang 0.5.0 2.18 22.01 24.19 OK
r-devel-linux-x86_64-debian-gcc 0.5.0 1.67 17.03 18.70 OK
r-devel-linux-x86_64-fedora-clang 0.5.0 38.06 OK
r-devel-linux-x86_64-fedora-gcc 0.5.0 35.02 OK
r-devel-windows-x86_64 0.5.0 3.00 42.00 45.00 OK
r-patched-linux-x86_64 0.5.0 2.38 20.78 23.16 OK
r-release-linux-x86_64 0.5.0 2.10 20.35 22.45 OK
r-release-macos-arm64 0.5.0 17.00 OK
r-release-macos-x86_64 0.5.0 27.00 OK
r-release-windows-x86_64 0.5.0 4.00 42.00 46.00 OK
r-oldrel-macos-arm64 0.5.0 16.00 NOTE
r-oldrel-macos-x86_64 0.5.0 24.00 NOTE
r-oldrel-windows-x86_64 0.5.0 4.00 46.00 50.00 NOTE

Check Details

Version: 0.5.0
Check: LazyData
Result: NOTE 'LazyData' is specified without a 'data' directory Flavors: r-oldrel-macos-arm64, r-oldrel-macos-x86_64, r-oldrel-windows-x86_64