CRAN Package Check Results for Package FlexReg

Last updated on 2025-10-22 05:51:09 CEST.

Flavor Version Tinstall Tcheck Ttotal Status Flags
r-devel-linux-x86_64-debian-clang 1.4.1 1191.45 192.03 1383.48 NOTE
r-devel-linux-x86_64-debian-gcc 1.4.1 1012.39 225.19 1237.58 NOTE
r-devel-windows-x86_64 1.4.1 1354.00 317.00 1671.00 OK
r-patched-linux-x86_64 1.4.1 1465.48 310.31 1775.79 OK
r-release-linux-x86_64 1.4.1 1441.74 302.66 1744.40 OK
r-release-macos-arm64 1.4.1 525.00 64.00 589.00 OK
r-release-macos-x86_64 1.4.1 397.00 98.00 495.00 OK
r-release-windows-x86_64 1.4.1 1342.00 308.00 1650.00 OK
r-oldrel-macos-arm64 1.4.1 499.00 63.00 562.00 NOTE
r-oldrel-macos-x86_64 1.4.1 395.00 146.00 541.00 NOTE
r-oldrel-windows-x86_64 1.4.1 1507.00 376.00 1883.00 NOTE

Check Details

Version: 1.4.1
Check: HTML version of manual
Result: NOTE Found the following HTML validation problems: print.flexreg.html:51:1 (print.flexreg.Rd:12): Warning: missing </ul> before </div> Flavors: r-devel-linux-x86_64-debian-clang, r-devel-linux-x86_64-debian-gcc

Version: 1.4.1
Check: installed package size
Result: NOTE installed size is 151.6Mb sub-directories of 1Mb or more: libs 150.8Mb Flavors: r-oldrel-macos-arm64, r-oldrel-macos-x86_64, r-oldrel-windows-x86_64

Version: 1.4.1
Check: for GNU extensions in Makefiles
Result: NOTE GNU make is a SystemRequirements. Flavors: r-oldrel-macos-arm64, r-oldrel-macos-x86_64