CRAN Package Check Results for Package FuncNN

Last updated on 2025-10-22 05:51:10 CEST.

Flavor Version Tinstall Tcheck Ttotal Status Flags
r-devel-linux-x86_64-debian-clang 1.0 19.71 142.89 162.60 NOTE
r-devel-linux-x86_64-debian-gcc 1.0 13.56 100.43 113.99 NOTE
r-devel-linux-x86_64-fedora-clang 1.0 41.00 206.37 247.37 NOTE
r-devel-linux-x86_64-fedora-gcc 1.0 41.00 190.71 231.71 NOTE
r-devel-windows-x86_64 1.0 21.00 133.00 154.00 OK
r-patched-linux-x86_64 1.0 16.29 131.92 148.21 OK
r-release-linux-x86_64 1.0 19.51 134.15 153.66 OK
r-release-macos-arm64 1.0 8.00 53.00 61.00 OK
r-release-macos-x86_64 1.0 15.00 94.00 109.00 OK
r-release-windows-x86_64 1.0 21.00 135.00 156.00 OK
r-oldrel-macos-arm64 1.0 8.00 50.00 58.00 OK
r-oldrel-macos-x86_64 1.0 11.00 75.00 86.00 OK
r-oldrel-windows-x86_64 1.0 27.00 178.00 205.00 OK

Additional issues

donttest

Check Details

Version: 1.0
Check: CRAN incoming feasibility
Result: NOTE Maintainer: ‘Barinder Thind <barinder.thi@gmail.com>’ Package CITATION file contains call(s) to old-style personList() or as.personList(). Please use c() on person objects instead. Package CITATION file contains call(s) to old-style citEntry(). Please use bibentry() instead. The Description field contains discussion found in Thind, Multani and Cao (2020) <arXiv:2006.09590> Please refer to arXiv e-prints via their arXiv DOI <doi:10.48550/arXiv.YYMM.NNNNN>. Flavors: r-devel-linux-x86_64-debian-clang, r-devel-linux-x86_64-debian-gcc

Version: 1.0
Check: dependencies in R code
Result: NOTE Namespace in Imports field not imported from: ‘foreach’ All declared Imports should be used. Flavors: r-devel-linux-x86_64-fedora-clang, r-devel-linux-x86_64-fedora-gcc