Last updated on 2025-10-22 05:51:10 CEST.
Flavor | Version | Tinstall | Tcheck | Ttotal | Status | Flags |
---|---|---|---|---|---|---|
r-devel-linux-x86_64-debian-clang | 0.4-7 | 6.90 | 76.74 | 83.64 | NOTE | |
r-devel-linux-x86_64-debian-gcc | 0.4-7 | 4.64 | 54.71 | 59.35 | NOTE | |
r-devel-linux-x86_64-fedora-clang | 0.4-7 | 18.00 | 106.91 | 124.91 | NOTE | |
r-devel-linux-x86_64-fedora-gcc | 0.4-7 | 16.00 | 116.99 | 132.99 | NOTE | |
r-devel-windows-x86_64 | 0.4-7 | 9.00 | 111.00 | 120.00 | NOTE | |
r-patched-linux-x86_64 | 0.4-7 | 8.34 | 74.01 | 82.35 | NOTE | |
r-release-linux-x86_64 | 0.4-7 | 6.71 | 72.80 | 79.51 | NOTE | |
r-release-macos-arm64 | 0.4-7 | 4.00 | 55.00 | 59.00 | NOTE | |
r-release-macos-x86_64 | 0.4-7 | 6.00 | 84.00 | 90.00 | NOTE | |
r-release-windows-x86_64 | 0.4-7 | 11.00 | 118.00 | 129.00 | NOTE | |
r-oldrel-macos-arm64 | 0.4-7 | 3.00 | 47.00 | 50.00 | NOTE | |
r-oldrel-macos-x86_64 | 0.4-7 | 13.00 | 105.00 | 118.00 | NOTE | |
r-oldrel-windows-x86_64 | 0.4-7 | 10.00 | 128.00 | 138.00 | NOTE |
Version: 0.4-7
Check: CRAN incoming feasibility
Result: NOTE
Maintainer: ‘Marek Gagolewski <marek@gagolewski.com>’
Package CITATION file contains call(s) to old-style personList() or
as.personList(). Please use c() on person objects instead.
Package CITATION file contains call(s) to old-style citEntry(). Please
use bibentry() instead.
Flavors: r-devel-linux-x86_64-debian-clang, r-devel-linux-x86_64-debian-gcc
Version: 0.4-7
Check: Rd files
Result: NOTE
checkRd: (-1) trapezoidalApproximation-methods.Rd:49: Lost braces; missing escapes or markup?
49 | For example, if Val(A) < EV_{1/3}(A) or Val(A) > EV_{2/3}(A),
| ^
checkRd: (-1) trapezoidalApproximation-methods.Rd:49: Lost braces; missing escapes or markup?
49 | For example, if Val(A) < EV_{1/3}(A) or Val(A) > EV_{2/3}(A),
| ^
Flavors: r-devel-linux-x86_64-debian-clang, r-devel-linux-x86_64-debian-gcc, r-devel-linux-x86_64-fedora-clang, r-devel-linux-x86_64-fedora-gcc, r-devel-windows-x86_64, r-patched-linux-x86_64, r-release-linux-x86_64, r-release-macos-arm64, r-release-macos-x86_64, r-release-windows-x86_64, r-oldrel-macos-arm64, r-oldrel-macos-x86_64, r-oldrel-windows-x86_64