Last updated on 2025-10-22 05:51:10 CEST.
Flavor | Version | Tinstall | Tcheck | Ttotal | Status | Flags |
---|---|---|---|---|---|---|
r-devel-linux-x86_64-debian-clang | 1.5 | 10.44 | 121.67 | 132.11 | NOTE | |
r-devel-linux-x86_64-debian-gcc | 1.5 | 6.90 | 87.04 | 93.94 | NOTE | |
r-devel-linux-x86_64-fedora-clang | 1.5 | 83.00 | 138.53 | 221.53 | OK | |
r-devel-linux-x86_64-fedora-gcc | 1.5 | 116.00 | 106.11 | 222.11 | OK | |
r-devel-windows-x86_64 | 1.5 | 13.00 | 121.00 | 134.00 | OK | |
r-patched-linux-x86_64 | 1.5 | 10.01 | 111.61 | 121.62 | OK | |
r-release-linux-x86_64 | 1.5 | 8.91 | 111.57 | 120.48 | OK | |
r-release-macos-arm64 | 1.5 | 5.00 | 89.00 | 94.00 | OK | |
r-release-macos-x86_64 | 1.5 | 7.00 | 97.00 | 104.00 | OK | |
r-release-windows-x86_64 | 1.5 | 13.00 | 130.00 | 143.00 | OK | |
r-oldrel-macos-arm64 | 1.5 | 4.00 | 54.00 | 58.00 | OK | |
r-oldrel-macos-x86_64 | 1.5 | 14.00 | 124.00 | 138.00 | NOTE | |
r-oldrel-windows-x86_64 | 1.5 | 18.00 | 155.00 | 173.00 | OK |
Version: 1.5
Check: HTML version of manual
Result: NOTE
Found the following HTML validation problems:
autoStopCluster.html:46:1 (autoStopCluster.Rd:10): Warning: missing </ul> before </div>
Flavors: r-devel-linux-x86_64-debian-clang, r-devel-linux-x86_64-debian-gcc
Version: 1.5
Check: installed package size
Result: NOTE
installed size is 5.2Mb
sub-directories of 1Mb or more:
data 2.6Mb
doc 2.0Mb
Flavor: r-oldrel-macos-x86_64