Last updated on 2025-10-24 04:50:54 CEST.
| Flavor | Version | Tinstall | Tcheck | Ttotal | Status | Flags |
|---|---|---|---|---|---|---|
| r-devel-linux-x86_64-debian-clang | 0.3.4 | 3.07 | 40.04 | 43.11 | NOTE | |
| r-devel-linux-x86_64-debian-gcc | 0.3.4 | 2.37 | 32.39 | 34.76 | OK | |
| r-devel-linux-x86_64-fedora-clang | 0.3.4 | 63.19 | OK | |||
| r-devel-linux-x86_64-fedora-gcc | 0.3.4 | 73.43 | OK | |||
| r-devel-windows-x86_64 | 0.3.4 | 5.00 | 67.00 | 72.00 | OK | |
| r-patched-linux-x86_64 | 0.3.4 | 2.98 | 37.99 | 40.97 | OK | |
| r-release-linux-x86_64 | 0.3.4 | 2.71 | 37.93 | 40.64 | OK | |
| r-release-macos-arm64 | 0.3.4 | 2.00 | 66.00 | 68.00 | OK | |
| r-release-macos-x86_64 | 0.3.4 | 2.00 | 93.00 | 95.00 | OK | |
| r-release-windows-x86_64 | 0.3.4 | 5.00 | 69.00 | 74.00 | OK | |
| r-oldrel-macos-arm64 | 0.3.4 | 2.00 | 58.00 | 60.00 | OK | |
| r-oldrel-macos-x86_64 | 0.3.4 | 3.00 | 76.00 | 79.00 | OK | |
| r-oldrel-windows-x86_64 | 0.3.4 | 6.00 | 80.00 | 86.00 | OK |
Version: 0.3.4
Check: HTML version of manual
Result: NOTE
Found the following HTML validation problems:
gnrs_core.html:63:1 (gnrs_core.Rd:21): Warning: missing </ul> before </div>
Flavor: r-devel-linux-x86_64-debian-clang