Last updated on 2025-10-22 05:51:12 CEST.
Flavor | Version | Tinstall | Tcheck | Ttotal | Status | Flags |
---|---|---|---|---|---|---|
r-devel-linux-x86_64-debian-clang | 1.0.2 | 7.75 | 75.25 | 83.00 | NOTE | |
r-devel-linux-x86_64-debian-gcc | 1.0.2 | 5.76 | 53.51 | 59.27 | NOTE | |
r-devel-linux-x86_64-fedora-clang | 1.0.2 | 16.00 | 108.97 | 124.97 | OK | |
r-devel-linux-x86_64-fedora-gcc | 1.0.2 | 17.00 | 116.68 | 133.68 | OK | |
r-devel-windows-x86_64 | 1.0.2 | 10.00 | 82.00 | 92.00 | OK | |
r-patched-linux-x86_64 | 1.0.2 | 8.17 | 70.22 | 78.39 | OK | |
r-release-linux-x86_64 | 1.0.2 | 7.18 | 71.30 | 78.48 | OK | |
r-release-macos-arm64 | 1.0.2 | 4.00 | 43.00 | 47.00 | OK | |
r-release-macos-x86_64 | 1.0.2 | 6.00 | 74.00 | 80.00 | OK | |
r-release-windows-x86_64 | 1.0.2 | 10.00 | 85.00 | 95.00 | OK | |
r-oldrel-macos-arm64 | 1.0.2 | 3.00 | 34.00 | 37.00 | OK | |
r-oldrel-macos-x86_64 | 1.0.2 | 5.00 | 56.00 | 61.00 | OK | |
r-oldrel-windows-x86_64 | 1.0.2 | 14.00 | 103.00 | 117.00 | OK |
Version: 1.0.2
Check: CRAN incoming feasibility
Result: NOTE
Maintainer: ‘Wencke Walter <wencke.walter@arcor.de>’
Package CITATION file contains call(s) to old-style personList() or
as.personList(). Please use c() on person objects instead.
Package CITATION file contains call(s) to old-style citEntry(). Please
use bibentry() instead.
Flavors: r-devel-linux-x86_64-debian-clang, r-devel-linux-x86_64-debian-gcc