CRAN Package Check Results for Package GPFDA

Last updated on 2025-10-22 05:51:12 CEST.

Flavor Version Tinstall Tcheck Ttotal Status Flags
r-devel-linux-x86_64-debian-clang 3.1.3 83.47 352.00 435.47 NOTE
r-devel-linux-x86_64-debian-gcc 3.1.3 51.19 255.62 306.81 NOTE
r-devel-linux-x86_64-fedora-clang 3.1.3 101.00 588.91 689.91 OK
r-devel-linux-x86_64-fedora-gcc 3.1.3 119.00 518.70 637.70 OK
r-devel-windows-x86_64 3.1.3 96.00 350.00 446.00 OK
r-patched-linux-x86_64 3.1.3 75.67 395.16 470.83 OK
r-release-linux-x86_64 3.1.3 76.76 394.34 471.10 OK
r-release-macos-arm64 3.1.3 29.00 173.00 202.00 OK
r-release-macos-x86_64 3.1.3 31.00 391.00 422.00 OK
r-release-windows-x86_64 3.1.3 96.00 361.00 457.00 OK
r-oldrel-macos-arm64 3.1.3 31.00 171.00 202.00 OK
r-oldrel-macos-x86_64 3.1.3 29.00 333.00 362.00 OK
r-oldrel-windows-x86_64 3.1.3 119.00 512.00 631.00 OK

Additional issues

M1mac

Check Details

Version: 3.1.3
Check: CRAN incoming feasibility
Result: NOTE Maintainer: ‘Evandro Konzen <gpfda.r@gmail.com>’ No Authors@R field in DESCRIPTION. Please add one, modifying Authors@R: c(person(given = c("Jian", "Qing"), family = "Shi", role = "aut"), person(given = "Yafeng", family = "Cheng", role = "aut"), person(given = "Evandro", family = "Konzen", role = c("aut", "cre"), email = "gpfda.r@gmail.com")) as necessary. Flavors: r-devel-linux-x86_64-debian-clang, r-devel-linux-x86_64-debian-gcc