Last updated on 2025-10-24 04:50:54 CEST.
| Flavor | Version | Tinstall | Tcheck | Ttotal | Status | Flags |
|---|---|---|---|---|---|---|
| r-devel-linux-x86_64-debian-clang | 1.0 | 2.66 | 26.36 | 29.02 | NOTE | |
| r-devel-linux-x86_64-debian-gcc | 1.0 | 2.10 | 21.65 | 23.75 | NOTE | |
| r-devel-linux-x86_64-fedora-clang | 1.0 | 43.88 | OK | |||
| r-devel-linux-x86_64-fedora-gcc | 1.0 | 41.81 | OK | |||
| r-devel-windows-x86_64 | 1.0 | 3.00 | 43.00 | 46.00 | OK | |
| r-patched-linux-x86_64 | 1.0 | 2.90 | 25.36 | 28.26 | OK | |
| r-release-linux-x86_64 | 1.0 | 2.65 | 25.33 | 27.98 | OK | |
| r-release-macos-arm64 | 1.0 | 1.00 | 17.00 | 18.00 | OK | |
| r-release-macos-x86_64 | 1.0 | 2.00 | 25.00 | 27.00 | OK | |
| r-release-windows-x86_64 | 1.0 | 4.00 | 44.00 | 48.00 | OK | |
| r-oldrel-macos-arm64 | 1.0 | 1.00 | 17.00 | 18.00 | OK | |
| r-oldrel-macos-x86_64 | 1.0 | 2.00 | 22.00 | 24.00 | OK | |
| r-oldrel-windows-x86_64 | 1.0 | 5.00 | 51.00 | 56.00 | OK |
Version: 1.0
Check: CRAN incoming feasibility
Result: NOTE
Maintainer: ‘Xin Guo <x.guo@polyu.edu.hk>’
No Authors@R field in DESCRIPTION.
Please add one, modifying
Authors@R: c(person(given = "Xin",
family = "Guo",
role = c("aut", "cre"),
email = "x.guo@polyu.edu.hk"),
person(given = "Qiang",
family = "Fu",
role = "aut",
email = "qiang.fu@ubc.ca"))
as necessary.
Flavors: r-devel-linux-x86_64-debian-clang, r-devel-linux-x86_64-debian-gcc