Last updated on 2025-10-24 04:50:55 CEST.
| Flavor | Version | Tinstall | Tcheck | Ttotal | Status | Flags |
|---|---|---|---|---|---|---|
| r-devel-linux-x86_64-debian-clang | 0.0.1 | 1.84 | 28.52 | 30.36 | NOTE | |
| r-devel-linux-x86_64-debian-gcc | 0.0.1 | 1.44 | 23.32 | 24.76 | OK | |
| r-devel-linux-x86_64-fedora-clang | 0.0.1 | 46.91 | OK | |||
| r-devel-linux-x86_64-fedora-gcc | 0.0.1 | 56.02 | OK | |||
| r-devel-windows-x86_64 | 0.0.1 | 3.00 | 70.00 | 73.00 | OK | |
| r-patched-linux-x86_64 | 0.0.1 | 2.09 | 27.41 | 29.50 | OK | |
| r-release-linux-x86_64 | 0.0.1 | 1.88 | 26.95 | 28.83 | OK | |
| r-release-macos-arm64 | 0.0.1 | 1.00 | 48.00 | 49.00 | OK | |
| r-release-macos-x86_64 | 0.0.1 | 2.00 | 69.00 | 71.00 | OK | |
| r-release-windows-x86_64 | 0.0.1 | 4.00 | 74.00 | 78.00 | OK | |
| r-oldrel-macos-arm64 | 0.0.1 | 1.00 | 47.00 | 48.00 | OK | |
| r-oldrel-macos-x86_64 | 0.0.1 | 2.00 | 81.00 | 83.00 | OK | |
| r-oldrel-windows-x86_64 | 0.0.1 | 4.00 | 74.00 | 78.00 | OK |
Version: 0.0.1
Check: HTML version of manual
Result: NOTE
Found the following HTML validation problems:
gvs_core.html:64:1 (gvs_core.Rd:22): Warning: missing </ul> before </div>
Flavor: r-devel-linux-x86_64-debian-clang