Last updated on 2025-10-24 04:50:55 CEST.
| Flavor | Version | Tinstall | Tcheck | Ttotal | Status | Flags |
|---|---|---|---|---|---|---|
| r-devel-linux-x86_64-debian-clang | 0.2.1 | 4.24 | 38.79 | 43.03 | OK | |
| r-devel-linux-x86_64-debian-gcc | 0.2.1 | 3.68 | 30.78 | 34.46 | OK | |
| r-devel-linux-x86_64-fedora-clang | 0.2.1 | 62.33 | OK | |||
| r-devel-linux-x86_64-fedora-gcc | 0.2.1 | 59.06 | OK | |||
| r-devel-windows-x86_64 | 0.2.1 | 7.00 | 58.00 | 65.00 | OK | |
| r-patched-linux-x86_64 | 0.2.1 | 4.03 | 36.11 | 40.14 | OK | |
| r-release-linux-x86_64 | 0.2.1 | 3.53 | 36.41 | 39.94 | OK | |
| r-release-macos-arm64 | 0.2.1 | 3.00 | 23.00 | 26.00 | OK | |
| r-release-macos-x86_64 | 0.2.1 | 4.00 | 39.00 | 43.00 | OK | |
| r-release-windows-x86_64 | 0.2.1 | 7.00 | 59.00 | 66.00 | OK | |
| r-oldrel-macos-arm64 | 0.2.1 | 2.00 | 32.00 | 34.00 | NOTE | |
| r-oldrel-macos-x86_64 | 0.2.1 | 6.00 | 55.00 | 61.00 | NOTE | |
| r-oldrel-windows-x86_64 | 0.2.1 | 9.00 | 67.00 | 76.00 | NOTE |
Version: 0.2.1
Check: installed package size
Result: NOTE
installed size is 8.3Mb
sub-directories of 1Mb or more:
htmlwidgets 8.2Mb
Flavors: r-oldrel-macos-arm64, r-oldrel-macos-x86_64, r-oldrel-windows-x86_64