Last updated on 2025-10-22 05:51:10 CEST.
Flavor | Version | Tinstall | Tcheck | Ttotal | Status | Flags |
---|---|---|---|---|---|---|
r-devel-linux-x86_64-debian-clang | 1.2.0 | 12.56 | 351.45 | 364.01 | NOTE | |
r-devel-linux-x86_64-debian-gcc | 1.2.0 | 7.98 | 214.90 | 222.88 | NOTE | |
r-devel-linux-x86_64-fedora-clang | 1.2.0 | 24.00 | 523.41 | 547.41 | OK | |
r-devel-linux-x86_64-fedora-gcc | 1.2.0 | 26.00 | 522.64 | 548.64 | OK | |
r-devel-windows-x86_64 | 1.2.0 | 13.00 | 299.00 | 312.00 | OK | |
r-patched-linux-x86_64 | 1.2.0 | 11.19 | 329.49 | 340.68 | OK | |
r-release-linux-x86_64 | 1.2.0 | 11.72 | 322.16 | 333.88 | OK | |
r-release-macos-arm64 | 1.2.0 | 6.00 | 139.00 | 145.00 | OK | |
r-release-macos-x86_64 | 1.2.0 | 10.00 | 369.00 | 379.00 | OK | |
r-release-windows-x86_64 | 1.2.0 | 13.00 | 304.00 | 317.00 | OK | |
r-oldrel-macos-arm64 | 1.2.0 | 6.00 | 134.00 | 140.00 | OK | |
r-oldrel-macos-x86_64 | 1.2.0 | 19.00 | 373.00 | 392.00 | OK | |
r-oldrel-windows-x86_64 | 1.2.0 | 18.00 | 412.00 | 430.00 | OK |
Version: 1.2.0
Check: HTML version of manual
Result: NOTE
Found the following HTML validation problems:
NcontributorsRule_identical.html:112:1 (NcontributorsRule_identical.Rd:57): Warning: missing </ul> before </div>
Flavors: r-devel-linux-x86_64-debian-clang, r-devel-linux-x86_64-debian-gcc