Last updated on 2025-10-22 05:51:11 CEST.
Flavor | Version | Tinstall | Tcheck | Ttotal | Status | Flags |
---|---|---|---|---|---|---|
r-devel-linux-x86_64-debian-clang | 0.2.2 | 9.62 | 116.70 | 126.32 | NOTE | |
r-devel-linux-x86_64-debian-gcc | 0.2.2 | 6.41 | 81.12 | 87.53 | NOTE | |
r-devel-linux-x86_64-fedora-clang | 0.2.2 | 20.00 | 173.85 | 193.85 | OK | |
r-devel-linux-x86_64-fedora-gcc | 0.2.2 | 32.00 | 154.83 | 186.83 | OK | |
r-devel-windows-x86_64 | 0.2.2 | 11.00 | 117.00 | 128.00 | OK | |
r-patched-linux-x86_64 | 0.2.2 | 9.85 | 105.66 | 115.51 | OK | |
r-release-linux-x86_64 | 0.2.2 | 8.67 | 106.87 | 115.54 | OK | |
r-release-macos-arm64 | 0.2.2 | 5.00 | 43.00 | 48.00 | OK | |
r-release-macos-x86_64 | 0.2.2 | 6.00 | 75.00 | 81.00 | OK | |
r-release-windows-x86_64 | 0.2.2 | 13.00 | 120.00 | 133.00 | OK | |
r-oldrel-macos-arm64 | 0.2.2 | 3.00 | 41.00 | 44.00 | OK | |
r-oldrel-macos-x86_64 | 0.2.2 | 6.00 | 59.00 | 65.00 | OK | |
r-oldrel-windows-x86_64 | 0.2.2 | 15.00 | 149.00 | 164.00 | OK |
Version: 0.2.2
Check: CRAN incoming feasibility
Result: NOTE
Maintainer: ‘Max Welz <welz@ese.eur.nl>’
Package CITATION file contains call(s) to old-style citEntry(). Please
use bibentry() instead.
The Description field contains
and Fernández-Val (2020) <arXiv:1712.04802>. This package's workhorse
<arXiv:1712.04802> for a suite of user-specified machine learners. All
Please refer to arXiv e-prints via their arXiv DOI <doi:10.48550/arXiv.YYMM.NNNNN>.
Flavors: r-devel-linux-x86_64-debian-clang, r-devel-linux-x86_64-debian-gcc