Last updated on 2025-10-22 05:51:11 CEST.
Flavor | Version | Tinstall | Tcheck | Ttotal | Status | Flags |
---|---|---|---|---|---|---|
r-devel-linux-x86_64-debian-clang | 1.1.1 | 396.84 | 148.91 | 545.75 | NOTE | |
r-devel-linux-x86_64-debian-gcc | 1.1.1 | 313.52 | 130.75 | 444.27 | NOTE | |
r-devel-linux-x86_64-fedora-clang | 1.1.1 | 474.00 | 452.06 | 926.06 | OK | |
r-devel-linux-x86_64-fedora-gcc | 1.1.1 | 531.00 | 605.17 | 1136.17 | OK | |
r-devel-windows-x86_64 | 1.1.1 | 487.00 | 222.00 | 709.00 | OK | |
r-patched-linux-x86_64 | 1.1.1 | 479.95 | 177.38 | 657.33 | OK | |
r-release-linux-x86_64 | 1.1.1 | 461.63 | 173.75 | 635.38 | OK | |
r-release-macos-arm64 | 1.1.1 | 165.00 | 76.00 | 241.00 | OK | |
r-release-macos-x86_64 | 1.1.1 | 146.00 | 145.00 | 291.00 | OK | |
r-release-windows-x86_64 | 1.1.1 | 497.00 | 215.00 | 712.00 | OK | |
r-oldrel-macos-arm64 | 1.1.1 | 148.00 | 74.00 | 222.00 | NOTE | |
r-oldrel-macos-x86_64 | 1.1.1 | 147.00 | 143.00 | 290.00 | NOTE | |
r-oldrel-windows-x86_64 | 1.1.1 | 591.00 | 273.00 | 864.00 | NOTE |
Version: 1.1.1
Check: HTML version of manual
Result: NOTE
Found the following HTML validation problems:
Fusion.html:100:1 (Fusion.Rd:82): Warning: <h5> anchor "Usage" already defined
Fusion.html:116:1 (Fusion.Rd:92): Warning: <h5> anchor "Usage" already defined
FusionLabel.html:105:1 (FusionLabel.Rd:54): Warning: missing </ul> before </div>
NewAggregFunction.html:46:1 (NewAggregFunction.Rd:10): Warning: missing </ul> before </div>
Zoning.html:152:1 (Zoning.Rd:103): Warning: <h5> anchor "Usage" already defined
Zoning.html:175:1 (Zoning.Rd:116): Warning: <h5> anchor "Usage" already defined
Zoning.html:191:1 (Zoning.Rd:126): Warning: <h5> anchor "Usage" already defined
Zoning.html:197:1 (Zoning.Rd:130): Warning: <h5> anchor "Returns" already defined
Zoning.html:214:1 (Zoning.Rd:139): Warning: <h5> anchor "Usage" already defined
Zoning.html:230:1 (Zoning.Rd:149): Warning: <h5> anchor "Usage" already defined
Zoning.html:236:1 (Zoning.Rd:153): Warning: <h5> anchor "Returns" already defined
Zoning.html:253:1 (Zoning.Rd:162): Warning: <h5> anchor "Usage" already defined
Zoning.html:269:1 (Zoning.Rd:172): Warning: <h5> anchor "Usage" already defined
Zoning.html:275:1 (Zoning.Rd:176): Warning: <h5> anchor "Returns" already defined
Zoning.html:292:1 (Zoning.Rd:185): Warning: <h5> anchor "Usage" already defined
Zoning.html:298:1 (Zoning.Rd:189): Warning: <h5> anchor "Arguments" already defined
Zoning.html:311:1 (Zoning.Rd:196): Warning: <h5> anchor "Returns" already defined
Zoning.html:328:1 (Zoning.Rd:205): Warning: <h5> anchor "Usage" already defined
Zoning.html:334:1 (Zoning.Rd:209): Warning: <h5> anchor "Arguments" already defined
Zoning.html:347:1 (Zoning.Rd:216): Warning: <h5> anchor "Returns" already defined
Flavors: r-devel-linux-x86_64-debian-clang, r-devel-linux-x86_64-debian-gcc
Version: 1.1.1
Check: installed package size
Result: NOTE
installed size is 105.4Mb
sub-directories of 1Mb or more:
R 2.1Mb
libs 103.0Mb
Flavors: r-oldrel-macos-arm64, r-oldrel-macos-x86_64, r-oldrel-windows-x86_64
Version: 1.1.1
Check: for GNU extensions in Makefiles
Result: NOTE
GNU make is a SystemRequirements.
Flavors: r-oldrel-macos-arm64, r-oldrel-macos-x86_64, r-oldrel-windows-x86_64