Last updated on 2025-10-22 05:51:11 CEST.
Flavor | Version | Tinstall | Tcheck | Ttotal | Status | Flags |
---|---|---|---|---|---|---|
r-devel-linux-x86_64-debian-clang | 2.1.5 | 8.75 | 101.23 | 109.98 | NOTE | |
r-devel-linux-x86_64-debian-gcc | 2.1.5 | 5.96 | 72.19 | 78.15 | NOTE | |
r-devel-linux-x86_64-fedora-clang | 2.1.6 | 16.00 | 100.47 | 116.47 | OK | |
r-devel-linux-x86_64-fedora-gcc | 2.1.6 | 17.00 | 129.65 | 146.65 | OK | |
r-devel-windows-x86_64 | 2.1.5 | 11.00 | 114.00 | 125.00 | OK | |
r-patched-linux-x86_64 | 2.1.5 | 8.74 | 95.67 | 104.41 | OK | |
r-release-linux-x86_64 | 2.1.5 | 8.48 | 93.27 | 101.75 | OK | |
r-release-macos-arm64 | 2.1.6 | 5.00 | 172.00 | 177.00 | OK | |
r-release-macos-x86_64 | 2.1.6 | 12.00 | 140.00 | 152.00 | OK | |
r-release-windows-x86_64 | 2.1.5 | 12.00 | 111.00 | 123.00 | OK | |
r-oldrel-macos-arm64 | 2.1.6 | 4.00 | 69.00 | 73.00 | OK | |
r-oldrel-macos-x86_64 | 2.1.6 | 10.00 | 141.00 | 151.00 | OK | |
r-oldrel-windows-x86_64 | 2.1.5 | 14.00 | 141.00 | 155.00 | OK |
Version: 2.1.5
Check: HTML version of manual
Result: NOTE
Found the following HTML validation problems:
webTable.html:78:1 (webTable.Rd:30): Warning: missing </ul> before </div>
Flavors: r-devel-linux-x86_64-debian-clang, r-devel-linux-x86_64-debian-gcc