Last updated on 2025-10-22 05:51:12 CEST.
Flavor | Version | Tinstall | Tcheck | Ttotal | Status | Flags |
---|---|---|---|---|---|---|
r-devel-linux-x86_64-debian-clang | 0.3.0 | 46.74 | 417.69 | 464.43 | NOTE | |
r-devel-linux-x86_64-debian-gcc | 0.3.0 | 32.26 | 285.56 | 317.82 | NOTE | |
r-devel-linux-x86_64-fedora-clang | 0.3.0 | 89.00 | 690.23 | 779.23 | OK | |
r-devel-linux-x86_64-fedora-gcc | 0.3.0 | 96.00 | 653.77 | 749.77 | OK | |
r-devel-windows-x86_64 | 0.3.0 | 57.00 | 479.00 | 536.00 | OK | |
r-patched-linux-x86_64 | 0.3.0 | 44.97 | 390.85 | 435.82 | OK | |
r-release-linux-x86_64 | 0.3.0 | 46.97 | 388.94 | 435.91 | OK | |
r-release-macos-arm64 | 0.3.0 | 20.00 | 179.00 | 199.00 | OK | |
r-release-macos-x86_64 | 0.3.0 | 26.00 | 382.00 | 408.00 | OK | |
r-release-windows-x86_64 | 0.3.0 | 62.00 | 477.00 | 539.00 | OK | |
r-oldrel-macos-arm64 | 0.3.0 | 23.00 | 192.00 | 215.00 | NOTE | |
r-oldrel-macos-x86_64 | 0.3.0 | 24.00 | 335.00 | 359.00 | NOTE | |
r-oldrel-windows-x86_64 | 0.3.0 | 69.00 | 580.00 | 649.00 | OK |
Version: 0.3.0
Check: CRAN incoming feasibility
Result: NOTE
Maintainer: ‘Robrecht Cannoodt <rcannood@gmail.com>’
Package CITATION file contains call(s) to old-style citEntry(). Please
use bibentry() instead.
Flavors: r-devel-linux-x86_64-debian-clang, r-devel-linux-x86_64-debian-gcc
Version: 0.3.0
Check: HTML version of manual
Result: NOTE
Found the following HTML validation problems:
plot_ssa.html:73:1 (plot_ssa.Rd:27): Warning: missing </ul> before </div>
print_ssa.html:54:1 (print_ssa.Rd:15): Warning: missing </ul> before </div>
Flavors: r-devel-linux-x86_64-debian-clang, r-devel-linux-x86_64-debian-gcc
Version: 0.3.0
Check: installed package size
Result: NOTE
installed size is 5.7Mb
sub-directories of 1Mb or more:
doc 1.7Mb
libs 3.4Mb
Flavors: r-oldrel-macos-arm64, r-oldrel-macos-x86_64