Last updated on 2025-10-22 05:51:12 CEST.
Flavor | Version | Tinstall | Tcheck | Ttotal | Status | Flags |
---|---|---|---|---|---|---|
r-devel-linux-x86_64-debian-clang | 1.3 | 43.02 | 161.18 | 204.20 | OK | |
r-devel-linux-x86_64-debian-gcc | 1.3 | 37.26 | 114.94 | 152.20 | OK | |
r-devel-linux-x86_64-fedora-clang | 1.3 | 91.00 | 211.81 | 302.81 | OK | |
r-devel-linux-x86_64-fedora-gcc | 1.3 | 92.00 | 221.56 | 313.56 | OK | |
r-devel-windows-x86_64 | 1.3 | 46.00 | 148.00 | 194.00 | OK | |
r-patched-linux-x86_64 | 1.3 | 45.08 | 150.69 | 195.77 | OK | |
r-release-linux-x86_64 | 1.3 | 42.93 | 150.46 | 193.39 | OK | |
r-release-macos-arm64 | 1.3 | 30.00 | 77.00 | 107.00 | OK | |
r-release-macos-x86_64 | 1.3 | 53.00 | 136.00 | 189.00 | OK | |
r-release-windows-x86_64 | 1.3 | 46.00 | 151.00 | 197.00 | OK | |
r-oldrel-macos-arm64 | 1.3 | 32.00 | 76.00 | 108.00 | NOTE | |
r-oldrel-macos-x86_64 | 1.3 | 52.00 | 142.00 | 194.00 | NOTE | |
r-oldrel-windows-x86_64 | 1.3 | 62.00 | 194.00 | 256.00 | OK |
Version: 1.3
Check: installed package size
Result: NOTE
installed size is 5.1Mb
sub-directories of 1Mb or more:
data 4.2Mb
Flavors: r-oldrel-macos-arm64, r-oldrel-macos-x86_64