Last updated on 2025-10-24 04:50:54 CEST.
| Flavor | Version | Tinstall | Tcheck | Ttotal | Status | Flags |
|---|---|---|---|---|---|---|
| r-devel-linux-x86_64-debian-clang | 0.0.3 | 1.78 | 31.60 | 33.38 | OK | |
| r-devel-linux-x86_64-debian-gcc | 0.0.3 | 1.36 | 25.42 | 26.78 | OK | |
| r-devel-linux-x86_64-fedora-clang | 0.0.3 | 47.28 | OK | |||
| r-devel-linux-x86_64-fedora-gcc | 0.0.3 | 58.21 | OK | |||
| r-devel-windows-x86_64 | 0.0.3 | 3.00 | 47.00 | 50.00 | OK | |
| r-patched-linux-x86_64 | 0.0.3 | 1.78 | 29.88 | 31.66 | OK | |
| r-release-linux-x86_64 | 0.0.3 | 1.50 | 30.15 | 31.65 | OK | |
| r-release-macos-arm64 | 0.0.3 | 1.00 | 39.00 | 40.00 | OK | |
| r-release-macos-x86_64 | 0.0.3 | 2.00 | 41.00 | 43.00 | OK | |
| r-release-windows-x86_64 | 0.0.3 | 3.00 | 49.00 | 52.00 | OK | |
| r-oldrel-macos-arm64 | 0.0.3 | 1.00 | 23.00 | 24.00 | NOTE | |
| r-oldrel-macos-x86_64 | 0.0.3 | 2.00 | 33.00 | 35.00 | NOTE | |
| r-oldrel-windows-x86_64 | 0.0.3 | 4.00 | 53.00 | 57.00 | NOTE |
Version: 0.0.3
Check: LazyData
Result: NOTE
'LazyData' is specified without a 'data' directory
Flavors: r-oldrel-macos-arm64, r-oldrel-macos-x86_64, r-oldrel-windows-x86_64