Last updated on 2025-10-24 04:50:55 CEST.
| Flavor | Version | Tinstall | Tcheck | Ttotal | Status | Flags |
|---|---|---|---|---|---|---|
| r-devel-linux-x86_64-debian-clang | 0.1.1 | 7.30 | 68.01 | 75.31 | OK | |
| r-devel-linux-x86_64-debian-gcc | 0.1.1 | 5.67 | 52.18 | 57.85 | OK | |
| r-devel-linux-x86_64-fedora-clang | 0.1.1 | 13.00 | 95.84 | 108.84 | OK | |
| r-devel-linux-x86_64-fedora-gcc | 0.1.1 | 14.00 | 91.19 | 105.19 | OK | |
| r-devel-windows-x86_64 | 0.1.1 | 9.00 | 80.00 | 89.00 | OK | |
| r-patched-linux-x86_64 | 0.1.1 | 6.57 | 64.11 | 70.68 | OK | |
| r-release-linux-x86_64 | 0.1.1 | 6.83 | 63.81 | 70.64 | OK | |
| r-release-macos-arm64 | 0.1.1 | 4.00 | 36.00 | 40.00 | OK | |
| r-release-macos-x86_64 | 0.1.1 | 6.00 | 64.00 | 70.00 | OK | |
| r-release-windows-x86_64 | 0.1.1 | 9.00 | 81.00 | 90.00 | OK | |
| r-oldrel-macos-arm64 | 0.1.1 | 3.00 | 32.00 | 35.00 | NOTE | |
| r-oldrel-macos-x86_64 | 0.1.1 | 5.00 | 46.00 | 51.00 | NOTE | |
| r-oldrel-windows-x86_64 | 0.1.1 | 11.00 | 100.00 | 111.00 | NOTE |
Version: 0.1.1
Check: LazyData
Result: NOTE
'LazyData' is specified without a 'data' directory
Flavors: r-oldrel-macos-arm64, r-oldrel-macos-x86_64, r-oldrel-windows-x86_64