Last updated on 2025-10-24 04:50:55 CEST.
| Flavor | Version | Tinstall | Tcheck | Ttotal | Status | Flags |
|---|---|---|---|---|---|---|
| r-devel-linux-x86_64-debian-clang | 0.1.1 | 7.66 | 59.90 | 67.56 | NOTE | |
| r-devel-linux-x86_64-debian-gcc | 0.1.1 | 5.99 | 45.87 | 51.86 | NOTE | |
| r-devel-linux-x86_64-fedora-clang | 0.1.1 | 15.00 | 85.78 | 100.78 | OK | |
| r-devel-linux-x86_64-fedora-gcc | 0.1.1 | 14.00 | 79.54 | 93.54 | OK | |
| r-devel-windows-x86_64 | 0.1.1 | 7.00 | 73.00 | 80.00 | OK | |
| r-patched-linux-x86_64 | 0.1.1 | 6.54 | 58.10 | 64.64 | OK | |
| r-release-linux-x86_64 | 0.1.1 | 7.25 | 57.93 | 65.18 | OK | |
| r-release-macos-arm64 | 0.1.1 | 4.00 | 36.00 | 40.00 | OK | |
| r-release-macos-x86_64 | 0.1.1 | 6.00 | 51.00 | 57.00 | OK | |
| r-release-windows-x86_64 | 0.1.1 | 8.00 | 75.00 | 83.00 | OK | |
| r-oldrel-macos-arm64 | 0.1.1 | 3.00 | 28.00 | 31.00 | OK | |
| r-oldrel-macos-x86_64 | 0.1.1 | 5.00 | 46.00 | 51.00 | OK | |
| r-oldrel-windows-x86_64 | 0.1.1 | 9.00 | 89.00 | 98.00 | OK |
Version: 0.1.1
Check: CRAN incoming feasibility
Result: NOTE
Maintainer: ‘Ran Zhao <Zhaoran@mail.sdu.edu.cn>’
The Description field contains
al. (2023) <arXiv:2306.03317>. In this package, we also provide the
Please refer to arXiv e-prints via their arXiv DOI <doi:10.48550/arXiv.YYMM.NNNNN>.
Flavors: r-devel-linux-x86_64-debian-clang, r-devel-linux-x86_64-debian-gcc