Last updated on 2025-10-22 05:51:13 CEST.
Flavor | Version | Tinstall | Tcheck | Ttotal | Status | Flags |
---|---|---|---|---|---|---|
r-devel-linux-x86_64-debian-clang | 1.1.9 | 14.51 | 103.20 | 117.71 | OK | |
r-devel-linux-x86_64-debian-gcc | 1.1.9 | 8.99 | 71.25 | 80.24 | OK | |
r-devel-linux-x86_64-fedora-clang | 1.1.9 | 75.00 | 119.29 | 194.29 | OK | |
r-devel-linux-x86_64-fedora-gcc | 1.1.9 | 28.00 | 136.32 | 164.32 | OK | |
r-devel-windows-x86_64 | 1.1.9 | 14.00 | 98.00 | 112.00 | OK | |
r-patched-linux-x86_64 | 1.1.9 | 13.01 | 97.63 | 110.64 | OK | |
r-release-linux-x86_64 | 1.1.9 | 13.37 | 96.99 | 110.36 | OK | |
r-release-macos-arm64 | 1.1.9 | 7.00 | 39.00 | 46.00 | OK | |
r-release-macos-x86_64 | 1.1.9 | 11.00 | 73.00 | 84.00 | OK | |
r-release-windows-x86_64 | 1.1.9 | 15.00 | 99.00 | 114.00 | OK | |
r-oldrel-macos-arm64 | 1.1.9 | 6.00 | 40.00 | 46.00 | NOTE | |
r-oldrel-macos-x86_64 | 1.1.9 | 10.00 | 58.00 | 68.00 | NOTE | |
r-oldrel-windows-x86_64 | 1.1.9 | 24.00 | 137.00 | 161.00 | NOTE |
Version: 1.1.9
Check: LazyData
Result: NOTE
'LazyData' is specified without a 'data' directory
Flavors: r-oldrel-macos-arm64, r-oldrel-macos-x86_64, r-oldrel-windows-x86_64