Last updated on 2025-10-22 05:51:13 CEST.
Flavor | Version | Tinstall | Tcheck | Ttotal | Status | Flags |
---|---|---|---|---|---|---|
r-devel-linux-x86_64-debian-clang | 3.3-7 | 25.57 | 180.42 | 205.99 | NOTE | |
r-devel-linux-x86_64-debian-gcc | 3.3-7 | 16.00 | 120.42 | 136.42 | NOTE | |
r-devel-linux-x86_64-fedora-clang | 3.3-7 | 132.00 | 212.05 | 344.05 | OK | |
r-devel-linux-x86_64-fedora-gcc | 3.3-7 | 47.00 | 262.16 | 309.16 | OK | |
r-devel-windows-x86_64 | 3.3-7 | 25.00 | 164.00 | 189.00 | OK | |
r-patched-linux-x86_64 | 3.3-7 | 24.32 | 168.26 | 192.58 | OK | |
r-release-linux-x86_64 | 3.3-7 | 24.13 | 168.97 | 193.10 | OK | |
r-release-macos-arm64 | 3.3-7 | 11.00 | 106.00 | 117.00 | OK | |
r-release-macos-x86_64 | 3.3-7 | 24.00 | 173.00 | 197.00 | OK | |
r-release-windows-x86_64 | 3.3-7 | 27.00 | 163.00 | 190.00 | OK | |
r-oldrel-macos-arm64 | 3.3-7 | 10.00 | 72.00 | 82.00 | OK | |
r-oldrel-macos-x86_64 | 3.3-7 | 26.00 | 176.00 | 202.00 | OK | |
r-oldrel-windows-x86_64 | 3.3-7 | 35.00 | 216.00 | 251.00 | OK |
Version: 3.3-7
Check: HTML version of manual
Result: NOTE
Found the following HTML validation problems:
coralPlotBeta.html:138:1 (coralPlotBeta.Rd:66): Warning: missing </ul> before </div>
Flavors: r-devel-linux-x86_64-debian-clang, r-devel-linux-x86_64-debian-gcc