Last updated on 2025-10-22 05:51:13 CEST.
Flavor | Version | Tinstall | Tcheck | Ttotal | Status | Flags |
---|---|---|---|---|---|---|
r-devel-linux-x86_64-debian-clang | 0.9.4 | 11.82 | 193.57 | 205.39 | NOTE | |
r-devel-linux-x86_64-debian-gcc | 0.9.4 | 7.62 | 119.97 | 127.59 | NOTE | |
r-devel-linux-x86_64-fedora-clang | 0.9.4 | 25.00 | 282.09 | 307.09 | OK | |
r-devel-linux-x86_64-fedora-gcc | 0.9.4 | 22.00 | 269.05 | 291.05 | OK | |
r-devel-windows-x86_64 | 0.9.4 | 12.00 | 207.00 | 219.00 | OK | |
r-patched-linux-x86_64 | 0.9.4 | 11.08 | 180.84 | 191.92 | OK | |
r-release-linux-x86_64 | 0.9.4 | 10.57 | 179.25 | 189.82 | OK | |
r-release-macos-arm64 | 0.9.4 | 4.00 | 75.00 | 79.00 | OK | |
r-release-macos-x86_64 | 0.9.4 | 8.00 | 189.00 | 197.00 | OK | |
r-release-windows-x86_64 | 0.9.4 | 12.00 | 211.00 | 223.00 | OK | |
r-oldrel-macos-arm64 | 0.9.4 | 5.00 | 83.00 | 88.00 | OK | |
r-oldrel-macos-x86_64 | 0.9.4 | 8.00 | 159.00 | 167.00 | OK | |
r-oldrel-windows-x86_64 | 0.9.4 | 15.00 | 276.00 | 291.00 | OK |
Version: 0.9.4
Check: HTML version of manual
Result: NOTE
Found the following HTML validation problems:
HospiNet.html:128:1 (HospiNet.Rd:105): Warning: <h3> anchor "Methods" already defined
HospiNet.html:222:1 (HospiNet.Rd:164): Warning: <h5> anchor "Usage" already defined
HospiNet.html:228:1 (HospiNet.Rd:168): Warning: <h5> anchor "Returns" already defined
HospiNet.html:245:1 (HospiNet.Rd:177): Warning: <h5> anchor "Usage" already defined
HospiNet.html:251:1 (HospiNet.Rd:181): Warning: <h5> anchor "Arguments" already defined
HospiNet.html:268:1 (HospiNet.Rd:192): Warning: <h5> anchor "Returns" already defined
HospiNet.html:285:1 (HospiNet.Rd:201): Warning: <h5> anchor "Usage" already defined
HospiNet.html:291:1 (HospiNet.Rd:205): Warning: <h5> anchor "Arguments" already defined
get_matrix_bycluster.html:54:1 (get_matrix_bycluster.Rd:14): Warning: missing </ul> before </div>
get_metrics.html:86:1 (get_metrics.Rd:36): Warning: missing </ul> before </div>
Flavors: r-devel-linux-x86_64-debian-clang, r-devel-linux-x86_64-debian-gcc