Last updated on 2025-07-20 11:50:04 CEST.
Flavor | Version | Tinstall | Tcheck | Ttotal | Status | Flags |
---|---|---|---|---|---|---|
r-devel-linux-x86_64-debian-clang | 1.2.9 | 6.25 | 77.68 | 83.93 | OK | |
r-devel-linux-x86_64-debian-gcc | 1.2.9 | 4.36 | 54.29 | 58.65 | OK | |
r-devel-linux-x86_64-fedora-clang | 1.2.9 | 124.27 | OK | |||
r-devel-linux-x86_64-fedora-gcc | 1.2.9 | 131.57 | OK | |||
r-devel-windows-x86_64 | 1.2.9 | 8.00 | 84.00 | 92.00 | OK | |
r-patched-linux-x86_64 | 1.2.9 | 6.01 | 70.27 | 76.28 | OK | |
r-release-linux-x86_64 | 1.2.9 | 4.63 | 69.32 | 73.95 | OK | |
r-release-macos-arm64 | 1.2.9 | 39.00 | OK | |||
r-release-macos-x86_64 | 1.2.9 | 64.00 | OK | |||
r-release-windows-x86_64 | 1.2.9 | 7.00 | 81.00 | 88.00 | OK | |
r-oldrel-macos-arm64 | 1.2.9 | 46.00 | OK | |||
r-oldrel-macos-x86_64 | 1.2.9 | 68.00 | OK | |||
r-oldrel-windows-x86_64 | 1.2.9 | 10.00 | 103.00 | 113.00 | ERROR |
Version: 1.2.9
Check: tests
Result: ERROR
Running 'testthat.R' [12s]
Running the tests in 'tests/testthat.R' failed.
Complete output:
> library(testthat)
> library(ICSsmoothing)
Loading required package: polynom
Loading required package: ggplot2
> library(ggplot2)
>
> test_check("ICSsmoothing")
[ FAIL 1 | WARN 2 | SKIP 0 | PASS 13 ]
══ Failed tests ════════════════════════════════════════════════════════════════
── Failure ('test_expl_spline.R:95:3'): cics_explicit works correctly. ─────────
`is_spline` not equal to TRUE.
1 element mismatch
[ FAIL 1 | WARN 2 | SKIP 0 | PASS 13 ]
Error: Test failures
Execution halted
Flavor: r-oldrel-windows-x86_64