Last updated on 2025-10-24 04:50:55 CEST.
| Flavor | Version | Tinstall | Tcheck | Ttotal | Status | Flags |
|---|---|---|---|---|---|---|
| r-devel-linux-x86_64-debian-clang | 1.0.0 | 8.70 | 281.50 | 290.20 | OK | |
| r-devel-linux-x86_64-debian-gcc | 1.0.0 | 6.22 | 193.04 | 199.26 | OK | |
| r-devel-linux-x86_64-fedora-clang | 1.0.0 | 20.00 | 432.18 | 452.18 | NOTE | |
| r-devel-linux-x86_64-fedora-gcc | 1.0.0 | 18.00 | 520.28 | 538.28 | NOTE | |
| r-devel-windows-x86_64 | 1.0.0 | 10.00 | 357.00 | 367.00 | OK | |
| r-patched-linux-x86_64 | 1.0.0 | 8.66 | 283.53 | 292.19 | OK | |
| r-release-linux-x86_64 | 1.0.0 | 8.18 | 276.45 | 284.63 | OK | |
| r-release-macos-arm64 | 1.0.0 | 6.00 | 196.00 | 202.00 | OK | |
| r-release-macos-x86_64 | 1.0.0 | 10.00 | 497.00 | 507.00 | OK | |
| r-release-windows-x86_64 | 1.0.0 | 11.00 | 363.00 | 374.00 | OK | |
| r-oldrel-macos-arm64 | 1.0.0 | 3.00 | 161.00 | 164.00 | OK | |
| r-oldrel-macos-x86_64 | 1.0.0 | 5.00 | 276.00 | 281.00 | OK | |
| r-oldrel-windows-x86_64 | 1.0.0 | 14.00 | 444.00 | 458.00 | OK |
Version: 1.0.0
Check: dependencies in R code
Result: NOTE
Namespaces in Imports field not imported from:
‘lme4’ ‘reshape2’
All declared Imports should be used.
Flavors: r-devel-linux-x86_64-fedora-clang, r-devel-linux-x86_64-fedora-gcc