Last updated on 2025-10-22 05:51:14 CEST.
Flavor | Version | Tinstall | Tcheck | Ttotal | Status | Flags |
---|---|---|---|---|---|---|
r-devel-linux-x86_64-debian-clang | 0.1.0 | 22.95 | 155.80 | 178.75 | NOTE | |
r-devel-linux-x86_64-debian-gcc | 0.1.0 | 12.53 | 108.04 | 120.57 | NOTE | |
r-devel-linux-x86_64-fedora-clang | 0.1.0 | 108.00 | 176.42 | 284.42 | NOTE | |
r-devel-linux-x86_64-fedora-gcc | 0.1.0 | 42.00 | 207.07 | 249.07 | NOTE | |
r-devel-windows-x86_64 | 0.1.0 | 22.00 | 142.00 | 164.00 | NOTE | |
r-patched-linux-x86_64 | 0.1.0 | 19.30 | 145.64 | 164.94 | NOTE | |
r-release-linux-x86_64 | 0.1.0 | 19.98 | 147.37 | 167.35 | NOTE | |
r-release-macos-arm64 | 0.1.0 | 8.00 | 57.00 | 65.00 | NOTE | |
r-release-macos-x86_64 | 0.1.0 | 19.00 | 135.00 | 154.00 | NOTE | |
r-release-windows-x86_64 | 0.1.0 | 21.00 | 143.00 | 164.00 | NOTE | |
r-oldrel-macos-arm64 | 0.1.0 | 11.00 | 77.00 | 88.00 | NOTE | |
r-oldrel-macos-x86_64 | 0.1.0 | 15.00 | 105.00 | 120.00 | NOTE | |
r-oldrel-windows-x86_64 | 0.1.0 | 29.00 | 186.00 | 215.00 | NOTE |
Version: 0.1.0
Check: package subdirectories
Result: NOTE
Problems with news in ‘NEWS.md’:
Cannot extract version info from the following section titles:
INSPECTumours (development version)
Flavors: r-devel-linux-x86_64-debian-clang, r-devel-linux-x86_64-debian-gcc, r-devel-linux-x86_64-fedora-clang, r-devel-linux-x86_64-fedora-gcc, r-devel-windows-x86_64, r-patched-linux-x86_64, r-release-linux-x86_64, r-release-macos-arm64, r-release-macos-x86_64, r-release-windows-x86_64, r-oldrel-macos-arm64, r-oldrel-macos-x86_64, r-oldrel-windows-x86_64
Version: 0.1.0
Check: HTML version of manual
Result: NOTE
Found the following HTML validation problems:
notify_error_and_reset_input.html:46:1 (notify_error_and_reset_input.Rd:10): Warning: missing </ul> before </div>
plot_proportions.html:50:1 (plot_proportions.Rd:12): Warning: missing </ul> before </div>
Flavors: r-devel-linux-x86_64-debian-clang, r-devel-linux-x86_64-debian-gcc