Last updated on 2025-10-22 05:51:14 CEST.
Flavor | Version | Tinstall | Tcheck | Ttotal | Status | Flags |
---|---|---|---|---|---|---|
r-devel-linux-x86_64-debian-clang | 0.1.1 | 18.05 | 172.91 | 190.96 | NOTE | |
r-devel-linux-x86_64-debian-gcc | 0.1.1 | 13.17 | 118.15 | 131.32 | NOTE | |
r-devel-linux-x86_64-fedora-clang | 0.1.1 | 42.00 | 240.55 | 282.55 | OK | |
r-devel-linux-x86_64-fedora-gcc | 0.1.1 | 35.00 | 244.33 | 279.33 | OK | |
r-devel-windows-x86_64 | 0.1.1 | 19.00 | 328.00 | 347.00 | OK | |
r-patched-linux-x86_64 | 0.1.1 | 18.61 | 157.47 | 176.08 | OK | |
r-release-linux-x86_64 | 0.1.1 | 17.67 | 159.67 | 177.34 | OK | |
r-release-macos-arm64 | 0.1.1 | 8.00 | 89.00 | 97.00 | OK | |
r-release-macos-x86_64 | 0.1.1 | 22.00 | 260.00 | 282.00 | OK | |
r-release-windows-x86_64 | 0.1.1 | 21.00 | 320.00 | 341.00 | OK | |
r-oldrel-macos-arm64 | 0.1.1 | 9.00 | 111.00 | 120.00 | OK | |
r-oldrel-macos-x86_64 | 0.1.1 | 12.00 | 212.00 | 224.00 | OK | |
r-oldrel-windows-x86_64 | 0.1.1 | 26.00 | 458.00 | 484.00 | OK |
Version: 0.1.1
Check: HTML version of manual
Result: NOTE
Found the following HTML validation problems:
get_lower_tri_noDiag.html:46:1 (get_lower_tri_noDiag.Rd:10): Warning: missing </ul> before </div>
Flavors: r-devel-linux-x86_64-debian-clang, r-devel-linux-x86_64-debian-gcc